{"id":678,"date":"2018-01-04T11:04:37","date_gmt":"2018-01-04T14:04:37","guid":{"rendered":"http:\/\/www.encontramanausam.com.br\/sobre\/?page_id=678"},"modified":"2019-04-03T22:50:45","modified_gmt":"2019-04-04T01:50:45","slug":"sesc-manaus","status":"publish","type":"page","link":"https:\/\/www.encontramanausam.com.br\/sobre\/sesc-manaus\/","title":{"rendered":"Sesc Manaus"},"content":{"rendered":"<div class=\"882fdd0d88065009358e99f1a9406c55\" data-index=\"1\" style=\"float: none; margin:0px;\">\n<script async src=\"https:\/\/pagead2.googlesyndication.com\/pagead\/js\/adsbygoogle.js?client=ca-pub-8585364105181520\"\r\n     crossorigin=\"anonymous\"><\/script>\r\n<!-- Anuncio display - global -->\r\n<ins class=\"adsbygoogle\"\r\n     style=\"display:block\"\r\n     data-ad-client=\"ca-pub-8585364105181520\"\r\n     data-ad-slot=\"8789329856\"\r\n     data-ad-format=\"auto\"\r\n     data-full-width-responsive=\"true\"><\/ins>\r\n<script>\r\n     (adsbygoogle = window.adsbygoogle || []).push({});\r\n<\/script>\n<\/div>\n<p>O Servi\u00e7o Social do Com\u00e9rcio (SESC) \u00e9 uma institui\u00e7\u00e3o de car\u00e1ter privado, sem fins lucrativos, que oferece aos clientes servi\u00e7os de qualidade com pre\u00e7o menor que o praticado no mercado.<\/p>\n<p>Os principais servi\u00e7os oferecidos pelo<strong> Sesc Manaus<\/strong> est\u00e3o nas \u00e1reas de sa\u00fade, educa\u00e7\u00e3o e cultura.<\/p>\n<p><img loading=\"lazy\" decoding=\"async\" class=\"aligncenter wp-image-679 size-full\" title=\"Sesc Manaus\" src=\"http:\/\/www.encontramanausam.com.br\/sobre\/wp-content\/uploads\/2018\/01\/sesc-manaus.jpg\" alt=\"Sesc Manaus\" width=\"680\" height=\"189\" srcset=\"https:\/\/www.encontramanausam.com.br\/sobre\/wp-content\/uploads\/2018\/01\/sesc-manaus.jpg 680w, https:\/\/www.encontramanausam.com.br\/sobre\/wp-content\/uploads\/2018\/01\/sesc-manaus-300x83.jpg 300w\" sizes=\"auto, (max-width: 680px) 100vw, 680px\" \/><\/p>\n<h2>Sesc Manaus Turismo<\/h2>\n<p>O Setor de <em>Turismo<\/em> Social do Sesc AM est\u00e1 com inscri\u00e7\u00f5es abertas para viagens.<\/p>\n<p>Parcelamos em at\u00e9 10x sem entrada e sem juros. Mais informa\u00e7\u00f5es podem ser obtidas pelo telefone (92) 3649-3750<\/p>\n<h3>Sesc Manaus Trabalhe Conosco<\/h3>\n<p>Os candidatos a<span style=\"text-decoration: underline;\"> vagas<\/span> de emprego nesta Institui\u00e7\u00e3o n\u00e3o ser\u00e3o submetidos a concurso p\u00fablico, mas a Processo Seletivo pr\u00f3prio, conforme previsto em atos normativos internos, que seguem a Resolu\u00e7\u00e3o SESC n\u00ba 1296\/2015.<\/p>\n<p>O SESC Amazonas acredita na import\u00e2ncia de manter claros os crit\u00e9rios de sele\u00e7\u00e3o de pessoas para novos profissionais interessados em fazer parte da sua equipe no Estado. Assim designa este espa\u00e7o para acesso aos processos seletivos em aberto e acompanhamento das etapas de sele\u00e7\u00e3o.<\/p>\n<p>As <span style=\"text-decoration: underline;\">vagas<\/span> s\u00e3o divulgadas por meio de publica\u00e7\u00f5es em jornal de grande circula\u00e7\u00e3o, no Site do SESC e r\u00e1dios. Os candidatos s\u00e3o selecionados mediante an\u00e1lise de curr\u00edculos, provas de conhecimentos b\u00e1sicos e espec\u00edficos, provas pr\u00e1ticas, testes psicol\u00f3gicos, entrevistas e din\u00e2micas de grupo quando necess\u00e1rio.<\/p>\n<h3>Sesc Manaus Escola<\/h3>\n<p>Estude na <em>Escola<\/em> Sesc, a institui\u00e7\u00e3o de ensino que \u00e9 destaque no ranking nacional do Enem.<\/p>\n<p>O Centro de Educa\u00e7\u00e3o Sesc Jos\u00e9 Roberto Tadros (<em>Escola Sesc<\/em>), com base em dados divulgados pelo Minist\u00e9rio da Educa\u00e7\u00e3o (MEC), confirmou a evolu\u00e7\u00e3o j\u00e1 constatada nas edi\u00e7\u00f5es anteriores do Exame Nacional do Ensino M\u00e9dio (Enem).<\/p>\n<p>Para se inscrever no processo seletivo, os interessados devem ir a <span style=\"text-decoration: underline;\">Escola Sesc<\/span>, localizada na av. Constantinopla, 288 &#8211; Alvorada. A inscri\u00e7\u00e3o \u00e9 gratuita<\/p>\n<h3>Hor\u00e1rio de Funcionamento Sesc Manaus<\/h3>\n<ul>\n<li>Segunda a sexta das 08h \u00e0s 17h30 \/ 18h \u00e0s 22h30<\/li>\n<\/ul>\n<h3>Endere\u00e7o e Telefone Sesc Manaus<\/h3>\n<ul>\n<li><strong>Centro<\/strong> &#8211; R. Henrique Martins, 427 &#8211; Centro &#8211; Tel.: (92) 2126-9580<\/li>\n<li><strong>Balne\u00e1rio do SESC<\/strong> &#8211;\u00a0 Av. Constantinopla, 288 &#8211; Alvorada &#8211; Tel.: (92) 2121-5353<\/li>\n<li><strong>Cidade Nova<\/strong> &#8211; R. Visc. de Itanha\u00e9m, 94 &#8211; Cidade Nova &#8211; Tel.: (92) 3641-4929<\/li>\n<\/ul>\n<h4>Outras informa\u00e7\u00f5es: Site e CNPJ<\/h4>\n<ul>\n<li>Mais informa\u00e7\u00f5es:\u00a0<a href=\"http:\/\/www.sesc-am.com.br\/\" target=\"_blank\" rel=\"noopener noreferrer\">www.sesc-am.com.br\/<\/a><\/li>\n<li>CNPJ: 03.965.963\/0001-18<\/li>\n<\/ul>\n<h4>Mapa de localiza\u00e7\u00e3o<\/h4>\n<a class=\"wp-colorbox-iframe\" href=\"https:\/\/www.google.com\/maps\/embed?pb=!1m14!1m8!1m3!1d15935.409109833734!2d-60.0224236!3d-3.133707!3m2!1i1024!2i768!4f13.1!3m3!1m2!1s0x00xdc4dd74eee034c6a!2sSESC+AM!5e0!3m2!1spt-BR!2sbr!4v1515023471875\"><img decoding=\"async\" src=\"http:\/\/www.encontrabelohorizonte.com.br\/imgs\/maps-post.png\"><\/a>\n\n<div style=\"font-size: 0px; height: 0px; line-height: 0px; margin: 0; padding: 0; clear: both;\"><\/div>","protected":false},"excerpt":{"rendered":"<p>O Servi\u00e7o Social do Com\u00e9rcio (SESC) \u00e9 uma institui\u00e7\u00e3o de car\u00e1ter privado, sem fins lucrativos, que oferece aos clientes servi\u00e7os de qualidade com pre\u00e7o menor que o praticado no mercado. Os principais servi\u00e7os oferecidos pelo Sesc Manaus est\u00e3o nas \u00e1reas de sa\u00fade, educa\u00e7\u00e3o e cultura. Sesc Manaus Turismo O Setor de Turismo Social do Sesc AM est\u00e1 com inscri\u00e7\u00f5es abertas para viagens. Parcelamos em at\u00e9 10x sem entrada e sem juros. Mais informa\u00e7\u00f5es podem ser obtidas pelo telefone (92) 3649-3750 Sesc Manaus Trabalhe Conosco Os candidatos a vagas de emprego nesta Institui\u00e7\u00e3o n\u00e3o ser\u00e3o submetidos a concurso p\u00fablico, mas a <\/p>\n","protected":false},"author":1,"featured_media":0,"parent":0,"menu_order":0,"comment_status":"closed","ping_status":"closed","template":"","meta":{"footnotes":""},"class_list":["post-678","page","type-page","status-publish","hentry"],"aioseo_notices":[],"_links":{"self":[{"href":"https:\/\/www.encontramanausam.com.br\/sobre\/wp-json\/wp\/v2\/pages\/678","targetHints":{"allow":["GET"]}}],"collection":[{"href":"https:\/\/www.encontramanausam.com.br\/sobre\/wp-json\/wp\/v2\/pages"}],"about":[{"href":"https:\/\/www.encontramanausam.com.br\/sobre\/wp-json\/wp\/v2\/types\/page"}],"author":[{"embeddable":true,"href":"https:\/\/www.encontramanausam.com.br\/sobre\/wp-json\/wp\/v2\/users\/1"}],"replies":[{"embeddable":true,"href":"https:\/\/www.encontramanausam.com.br\/sobre\/wp-json\/wp\/v2\/comments?post=678"}],"version-history":[{"count":4,"href":"https:\/\/www.encontramanausam.com.br\/sobre\/wp-json\/wp\/v2\/pages\/678\/revisions"}],"predecessor-version":[{"id":3581,"href":"https:\/\/www.encontramanausam.com.br\/sobre\/wp-json\/wp\/v2\/pages\/678\/revisions\/3581"}],"wp:attachment":[{"href":"https:\/\/www.encontramanausam.com.br\/sobre\/wp-json\/wp\/v2\/media?parent=678"}],"curies":[{"name":"wp","href":"https:\/\/api.w.org\/{rel}","templated":true}]}}