{"id":577,"date":"2018-01-03T12:13:03","date_gmt":"2018-01-03T15:13:03","guid":{"rendered":"http:\/\/www.encontramanausam.com.br\/sobre\/?page_id=577"},"modified":"2019-04-03T22:47:51","modified_gmt":"2019-04-04T01:47:51","slug":"palacete-provincial-manaus","status":"publish","type":"page","link":"https:\/\/www.encontramanausam.com.br\/sobre\/palacete-provincial-manaus\/","title":{"rendered":"Palacete Provincial Manaus"},"content":{"rendered":"<div class=\"882fdd0d88065009358e99f1a9406c55\" data-index=\"1\" style=\"float: none; margin:0px;\">\n<script async src=\"https:\/\/pagead2.googlesyndication.com\/pagead\/js\/adsbygoogle.js?client=ca-pub-8585364105181520\"\r\n     crossorigin=\"anonymous\"><\/script>\r\n<!-- Anuncio display - global -->\r\n<ins class=\"adsbygoogle\"\r\n     style=\"display:block\"\r\n     data-ad-client=\"ca-pub-8585364105181520\"\r\n     data-ad-slot=\"8789329856\"\r\n     data-ad-format=\"auto\"\r\n     data-full-width-responsive=\"true\"><\/ins>\r\n<script>\r\n     (adsbygoogle = window.adsbygoogle || []).push({});\r\n<\/script>\n<\/div>\n<p>O <strong>Palacete Provincial Manaus<\/strong> est\u00e1 localizado na pra\u00e7a Heliodoro Balbi, que tamb\u00e9m foi restaurada e recomp\u00f5e a paisagem urbana, e local e mem\u00f3ria do hist\u00f3rico Clube da Madrugada. \u00c9 refer\u00eancia para quem quer conhecer a capital do Amazonas e conhecer a hist\u00f3ria de seu povo.<\/p>\n<p>Cart\u00e3o postal da cidade, sua visita\u00e7\u00e3o se equipara ao Teatro Amazonas, e j\u00e1 recebeu de v\u00e1rias Institui\u00e7\u00f5es de certifica\u00e7\u00f5es o M\u00e9rito de Excel\u00eancia.<\/p>\n<p><img loading=\"lazy\" decoding=\"async\" class=\"aligncenter wp-image-578 size-full\" title=\"Palacete Provincial Manaus\" src=\"http:\/\/www.encontramanausam.com.br\/sobre\/wp-content\/uploads\/2018\/01\/palacete-provincial-manaus.jpg\" alt=\"Palacete Provincial Manaus\" width=\"680\" height=\"189\" srcset=\"https:\/\/www.encontramanausam.com.br\/sobre\/wp-content\/uploads\/2018\/01\/palacete-provincial-manaus.jpg 680w, https:\/\/www.encontramanausam.com.br\/sobre\/wp-content\/uploads\/2018\/01\/palacete-provincial-manaus-300x83.jpg 300w\" sizes=\"auto, (max-width: 680px) 100vw, 680px\" \/><\/p>\n<p>Indicado por visitantes do mundo inteiro, \u00e9 o endere\u00e7o mais charmoso da cidade e parada obrigat\u00f3ria para residentes de Manaus e turistas.<\/p>\n<h2>Palacete Provincial Manaus Hist\u00f3ria<\/h2>\n<p>Assim sendo, em 1867 foi efetivada a compra do ent\u00e3o \u201cPalacete Garcia\u201d, que ainda se encontrava em obras, sendo adquirido por 12 contos de r\u00e9is, (considerada a \u00e9poca uma quantia m\u00f3dica), e para o qual o Presidente da Prov\u00edncia pretendia instalar inicialmente o Pa\u00e7o Municipal, e depois a Tesouraria Provincial, e tamb\u00e9m dar uma sede para a Assembleia Legislativa Provincial.<\/p>\n<p>Em 25 de mar\u00e7o de 1874, ap\u00f3s muitos esfor\u00e7os, o Palacete foi declarado como conclu\u00eddo, e mesmo ainda sem ter sido inaugurado, foram instalados nele o Liceu Provincial e a Biblioteca P\u00fablica, para logo em seguida a Assembleia Provincial e a Reparti\u00e7\u00e3o de Obras P\u00fablicas. O Palacete Provincial foi <span style=\"text-decoration: underline;\">inaugurado<\/span> no dia 28 de fevereiro de 1875, entretanto, somente no dia 31 de agosto de 1875 a <em>obra foi entregue como definitivamente conclu\u00edda<\/em>.<\/p>\n<h3>Palacete Provincial Manaus Arquitetura<\/h3>\n<p>O in\u00edcio de sua <em>constru\u00e7\u00e3o arquitet\u00f4nica<\/em> data do governo do presidente da Prov\u00edncia, Manoel Clementino da Cunha (1860-1863), precisamente em 1861, quando o ent\u00e3o capit\u00e3o da Guarda Nacional, e vereador ao senado da C\u00e2mara Municipal de Mana\u00f3s, Cust\u00f3dio Pires Garcia, come\u00e7ou a erguer o \u201cPalacete Garcia\u201d, primeiramente chamado e constru\u00eddo para ser sua resid\u00eancia, sendo mais tarde vendido para o Governo, e transformado em \u201cPalacete Provincial\u201d.<\/p>\n<p>A <em>edifica\u00e7\u00e3o<\/em> localizava-se na conflu\u00eancia da Rua Espirito Santo (atual Dr. Moreira e Rua Floriano Peixoto), em \u00e1rea que se expandia ao chamado \u201caterro\u201d, realizado no igarap\u00e9 dos Rem\u00e9dios (localizado na atual Avenida Get\u00falio Vargas). Quando estava constru\u00edda a parte central do casar\u00e3o, com um port\u00e3o largo e quatro janelas laterais, piso r\u00e9s ao ch\u00e3o da rua, seu propriet\u00e1rio resolveu vende-lo ao Governo Provincial, que se ressentia de pr\u00e9dios dignos capazes de abrigar as reparti\u00e7\u00f5es p\u00fablicas, em raz\u00e3o do crescimento dos neg\u00f3cios imperiais na Prov\u00edncia do Amazonas, e que ocupava a quarta parte do Imp\u00e9rio do Brasil, e por esta raz\u00e3o exigia-se melhores funcionamento do governo local.<\/p>\n<h3>Museu Palacete Provincial Manaus<\/h3>\n<p>Est\u00e3o instalados no Palacete Provincial o <em>museu<\/em> de Numism\u00e1tica Bernardo Ramos, a Pinacoteca do Estado, o <em>museu<\/em> Tiradentes, o <em>museu<\/em> da Imagem e do Som, o <em>museu<\/em> de Arqueologia e o Laborat\u00f3rio de arqueologia Alfredo Mendon\u00e7a de Souza, o Ateli\u00ea de Restauro de obras de artes e de papel, as reservas t\u00e9cnicas dos <em>museus<\/em>, e as exposi\u00e7\u00f5es de longa dura\u00e7\u00e3o \u201cEscrit\u00f3rio da obra\u201d, que \u00e9 uma clara demonstra\u00e7\u00e3o de como estava o pr\u00e9dio antes da restaura\u00e7\u00e3o, e a \u201cEsculturas do Mundo\u201d que \u00e9 uma mostra das r\u00e9plicas das esculturas dos museus franceses, assinadas pela Reunion ds Mus\u00e9es National -RMN, dentre os servi\u00e7os que oferece conta com o Caf\u00e9 do Pina,\u00a0 a Arena de espet\u00e1culos Newton Aguiar, e o Audit\u00f3rio Multiuso Cel. Pedro Henrique.<\/p>\n<h3>Fotos Palacete Provincial Manaus<\/h3>\n<p><img loading=\"lazy\" decoding=\"async\" class=\"aligncenter wp-image-579 size-full\" title=\"Fotos Palacete Provincial Manaus\" src=\"http:\/\/www.encontramanausam.com.br\/sobre\/wp-content\/uploads\/2018\/01\/palacete-provincial-manaus-fotos.jpg\" alt=\"Fotos Palacete Provincial Manaus\" width=\"680\" height=\"189\" srcset=\"https:\/\/www.encontramanausam.com.br\/sobre\/wp-content\/uploads\/2018\/01\/palacete-provincial-manaus-fotos.jpg 680w, https:\/\/www.encontramanausam.com.br\/sobre\/wp-content\/uploads\/2018\/01\/palacete-provincial-manaus-fotos-300x83.jpg 300w\" sizes=\"auto, (max-width: 680px) 100vw, 680px\" \/><\/p>\n<h3>Hor\u00e1rio de Funcionamento Palacete Provincial Manaus<\/h3>\n<ul>\n<li>Segunda a sexta das 9h \u00e0s 14h<\/li>\n<\/ul>\n<h3>Onde Fica, Endere\u00e7o e Telefone Palacete Provincial Manaus<\/h3>\n<ul>\n<li>Pra\u00e7a Heliodoro Balbi, s\/n &#8211; Centro &#8211; Manaus &#8211; AM<\/li>\n<li>Telefone: (92) 3631-6047<\/li>\n<\/ul>\n<h4>Outras informa\u00e7\u00f5es e site<\/h4>\n<ul>\n<li>Mais informa\u00e7\u00f5es:\u00a0<a href=\"http:\/\/www.cultura.am.gov.br\/palacete-provincial\" target=\"_blank\" rel=\"noopener noreferrer\">www.cultura.am.gov.br\/palacete-provincial<\/a><\/li>\n<\/ul>\n<h4>Mapa de localiza\u00e7\u00e3o<\/h4>\n<a class=\"wp-colorbox-iframe\" href=\"https:\/\/www.google.com\/maps\/embed?pb=!1m14!1m8!1m3!1d15935.381084237057!2d-60.021025!3d-3.135547!3m2!1i1024!2i768!4f13.1!3m3!1m2!1s0x00xce68d9aca3682d4e!2sPalacete+Provincial!5e0!3m2!1spt-BR!2sbr!4v1514985701723\"><img decoding=\"async\" src=\"http:\/\/www.encontrabelohorizonte.com.br\/imgs\/maps-post.png\"><\/a>\n\n<div style=\"font-size: 0px; height: 0px; line-height: 0px; margin: 0; padding: 0; clear: both;\"><\/div>","protected":false},"excerpt":{"rendered":"<p>O Palacete Provincial Manaus est\u00e1 localizado na pra\u00e7a Heliodoro Balbi, que tamb\u00e9m foi restaurada e recomp\u00f5e a paisagem urbana, e local e mem\u00f3ria do hist\u00f3rico Clube da Madrugada. \u00c9 refer\u00eancia para quem quer conhecer a capital do Amazonas e conhecer a hist\u00f3ria de seu povo. Cart\u00e3o postal da cidade, sua visita\u00e7\u00e3o se equipara ao Teatro Amazonas, e j\u00e1 recebeu de v\u00e1rias Institui\u00e7\u00f5es de certifica\u00e7\u00f5es o M\u00e9rito de Excel\u00eancia. Indicado por visitantes do mundo inteiro, \u00e9 o endere\u00e7o mais charmoso da cidade e parada obrigat\u00f3ria para residentes de Manaus e turistas. Palacete Provincial Manaus Hist\u00f3ria Assim sendo, em 1867 foi efetivada <\/p>\n","protected":false},"author":1,"featured_media":0,"parent":0,"menu_order":0,"comment_status":"closed","ping_status":"closed","template":"","meta":{"footnotes":""},"class_list":["post-577","page","type-page","status-publish","hentry"],"aioseo_notices":[],"_links":{"self":[{"href":"https:\/\/www.encontramanausam.com.br\/sobre\/wp-json\/wp\/v2\/pages\/577","targetHints":{"allow":["GET"]}}],"collection":[{"href":"https:\/\/www.encontramanausam.com.br\/sobre\/wp-json\/wp\/v2\/pages"}],"about":[{"href":"https:\/\/www.encontramanausam.com.br\/sobre\/wp-json\/wp\/v2\/types\/page"}],"author":[{"embeddable":true,"href":"https:\/\/www.encontramanausam.com.br\/sobre\/wp-json\/wp\/v2\/users\/1"}],"replies":[{"embeddable":true,"href":"https:\/\/www.encontramanausam.com.br\/sobre\/wp-json\/wp\/v2\/comments?post=577"}],"version-history":[{"count":5,"href":"https:\/\/www.encontramanausam.com.br\/sobre\/wp-json\/wp\/v2\/pages\/577\/revisions"}],"predecessor-version":[{"id":3576,"href":"https:\/\/www.encontramanausam.com.br\/sobre\/wp-json\/wp\/v2\/pages\/577\/revisions\/3576"}],"wp:attachment":[{"href":"https:\/\/www.encontramanausam.com.br\/sobre\/wp-json\/wp\/v2\/media?parent=577"}],"curies":[{"name":"wp","href":"https:\/\/api.w.org\/{rel}","templated":true}]}}