{"id":354,"date":"2017-12-15T15:48:54","date_gmt":"2017-12-15T18:48:54","guid":{"rendered":"http:\/\/www.encontramanausam.com.br\/sobre\/?page_id=354"},"modified":"2019-04-02T22:48:44","modified_gmt":"2019-04-03T01:48:44","slug":"sesi-manaus","status":"publish","type":"page","link":"https:\/\/www.encontramanausam.com.br\/sobre\/sesi-manaus\/","title":{"rendered":"Sesi Manaus"},"content":{"rendered":"<div class=\"882fdd0d88065009358e99f1a9406c55\" data-index=\"1\" style=\"float: none; margin:0px;\">\n<script async src=\"https:\/\/pagead2.googlesyndication.com\/pagead\/js\/adsbygoogle.js?client=ca-pub-8585364105181520\"\r\n     crossorigin=\"anonymous\"><\/script>\r\n<!-- Anuncio display - global -->\r\n<ins class=\"adsbygoogle\"\r\n     style=\"display:block\"\r\n     data-ad-client=\"ca-pub-8585364105181520\"\r\n     data-ad-slot=\"8789329856\"\r\n     data-ad-format=\"auto\"\r\n     data-full-width-responsive=\"true\"><\/ins>\r\n<script>\r\n     (adsbygoogle = window.adsbygoogle || []).push({});\r\n<\/script>\n<\/div>\n<p>O Servi\u00e7o Social da Ind\u00fastria \u2013 SESI \u00e9 uma entidade de direito privado, nos termos da lei civil, estruturada em base federativa para prestar assist\u00eancia social aos trabalhadores industriais e de atividades assemelhadas em todo o pa\u00eds.<\/p>\n<p>O <strong>Sesi Manaus<\/strong> \u00e9 parceiro das empresas, fornecendo apoio ativo na implanta\u00e7\u00e3o e desenvolvimento de projetos de benef\u00edcios sociais para funcion\u00e1rios<\/p>\n<p><img loading=\"lazy\" decoding=\"async\" class=\"aligncenter wp-image-356 size-full\" title=\"Sesi Manaus\" src=\"http:\/\/www.encontramanausam.com.br\/sobre\/wp-content\/uploads\/2017\/12\/sesi-manaus.jpg\" alt=\"Sesi Manaus\" width=\"680\" height=\"189\" srcset=\"https:\/\/www.encontramanausam.com.br\/sobre\/wp-content\/uploads\/2017\/12\/sesi-manaus.jpg 680w, https:\/\/www.encontramanausam.com.br\/sobre\/wp-content\/uploads\/2017\/12\/sesi-manaus-300x83.jpg 300w\" sizes=\"auto, (max-width: 680px) 100vw, 680px\" \/><\/p>\n<h2>Sesi Sa\u00fade Manaus<\/h2>\n<p>A Sesi <em>Cl\u00ednica<\/em> oferece as especialidades:<\/p>\n<ul>\n<li>Cl\u00ednica Geral<\/li>\n<li>Cardiologia<\/li>\n<li>Dermatologia<\/li>\n<li>Endocrinologia<\/li>\n<li>Fisioterapia<\/li>\n<li>Ginecologia<\/li>\n<li>Gastroenterologia<\/li>\n<li>Mastologia<\/li>\n<li>Nutri\u00e7\u00e3o<\/li>\n<li>Oftalmologia<\/li>\n<li>Ortopedia<\/li>\n<li>Otorrinolaringologia<\/li>\n<li>Pediatria<\/li>\n<li>Psicologia<\/li>\n<li>Psiquiatria<\/li>\n<li>Ultrassonografia<\/li>\n<li>Urologia<\/li>\n<\/ul>\n<p>O Sesi ainda possui:<\/p>\n<ul>\n<li>Consulta e acompanhamento de enfermagem;<\/li>\n<li>Realiza\u00e7\u00e3o de exames de imagens: Mamografia, Raios-X, Resson\u00e2ncia, Tomografia e Ultrassonografia.<\/li>\n<li>Sess\u00e3o de fisioterapia nas \u00e1reas Ortop\u00e9dica-Neurol\u00f3gica\/Neurol\u00f3gica\/RPG\/Pilates;<\/li>\n<li>Diagn\u00f3stico e progn\u00f3stico cin\u00e9tico-funcional;<\/li>\n<li>Atendimento de Biofeedback com EMG;<\/li>\n<li>Atendimento an\u00e1lise eletroneuromiografia;<\/li>\n<li>Exame funcional respirat\u00f3rio;<\/li>\n<li>Avalia\u00e7\u00e3o para sensa\u00e7\u00f5es som\u00e1ticas e reeduca\u00e7\u00e3o postural global \u2013 RPG;<\/li>\n<li>Pilates;<\/li>\n<li>Exames de laborat\u00f3rio.<\/li>\n<\/ul>\n<h3>Sesi Manaus Escola<\/h3>\n<p>A rede estruturada de Ensino do SESI permite a forma\u00e7\u00e3o integral dos alunos por meio de uma proposta que prioriza o desenvolvimento de compet\u00eancias para ingresso nas universidades e no mercado de trabalho, mas que tamb\u00e9m contribui para desenvolver no estudante a capacidade de buscar solu\u00e7\u00f5es inovadoras para constru\u00e7\u00e3o de uma sociedade melhor.<\/p>\n<p>O SESI oferece desde a Educa\u00e7\u00e3o Infantil at\u00e9 o Ensino M\u00e9dio, proporcionado uma rela\u00e7\u00e3o de v\u00ednculo e confian\u00e7a para os pais que buscam uma escola para seus filhos com ensino diferenciado.<\/p>\n<p>No Programa Educa\u00e7\u00e3o B\u00e1sica articulada com a Educa\u00e7\u00e3o Profissional \u2013 EBEP, os alunos podem cursar ao mesmo tempo o Ensino M\u00e9dio no SESI e Curso T\u00e9cnico com metodologia do SENAI. Assim, ao frequentarem as aulas de educa\u00e7\u00e3o regular com um curso profissionalizante, os jovens t\u00eam a oportunidade de conclu\u00edrem o ensino mais preparados para o mercado de trabalho.<\/p>\n<p>Os <em>alunos<\/em> do Ensino M\u00e9dio t\u00eam \u00e0 disposi\u00e7\u00e3o ferramentas de apoio que os preparam para PSC \u2013 SIS e ENEM via Portal SESI Educa\u00e7\u00e3o, al\u00e9m de aulas interativas nas plataformas tecnol\u00f3gicas de ensino Geekie Lab e Hora do ENEM.<\/p>\n<p>No ensino m\u00e9dio os <em>alunos<\/em> que apresentam dificuldade de aprendizado nas salas de aula, podem contar com as aulas de refor\u00e7o e plant\u00e3o tira-d\u00favidas no contra turno.<\/p>\n<h3>Sesi Manaus Cursos<\/h3>\n<p>A unidade oferece solu\u00e7\u00f5es para as empresas industriais brasileiras por meio de uma rede integrada, que engloba atividades de educa\u00e7\u00e3o, seguran\u00e7a e sa\u00fade do trabalho, cultura e qualidade de vida.<\/p>\n<p>O Sesi Manaus oferece <em>cursos<\/em> nas \u00e1reas: Gourmet, Moda e Costura, Artesanato e Esporte.<\/p>\n<h3>Sesi Manaus Creche<\/h3>\n<p>Estimular a independ\u00eancia e ensinar a compartilhar os brinquedos e jogos s\u00e3o alguns dos benef\u00edcios que a <span style=\"text-decoration: underline;\">creche<\/span> e a pr\u00e9-escola proporcionam aos beb\u00eas e crian\u00e7as.<\/p>\n<p>A Escola SESI Dr. Francisco Garcia est\u00e1 localizada no bairro Distrito Industrial, Avenida Governador Danilo Areosa, 1531.<\/p>\n<p>Al\u00e9m de ter um per\u00edodo integral e parcial, o SESI oferece servi\u00e7os integrados dentro da pr\u00f3pria escola, como a alimenta\u00e7\u00e3o escolar, odontopediatria, nutri\u00e7\u00e3o, servi\u00e7o social e psicologia\u201d, cita a educadora.<\/p>\n<h3>Hor\u00e1rio de Funcionamento Sesi Manaus<\/h3>\n<ul>\n<li>Segunda a sexta das 6h \u00e0s 20h30<\/li>\n<li>S\u00e1bado das 7h30 \u00e0s 11h30<\/li>\n<\/ul>\n<h3>Onde Fica, Endere\u00e7o e Telefone Sesi Manaus<\/h3>\n<ul>\n<li>Av. Get\u00falio Vargas, 1116 &#8211; Centro &#8211; Manaus &#8211; AM<\/li>\n<li>Telefone: (92) 3186-6666.<\/li>\n<\/ul>\n<h4>Outras informa\u00e7\u00f5es e site<\/h4>\n<ul>\n<li>Mais informa\u00e7\u00f5es:\u00a0<a href=\"http:\/\/www.fieam.org.br\/sesi\" target=\"_blank\" rel=\"noopener noreferrer\">www.fieam.org.br\/sesi<\/a><\/li>\n<\/ul>\n<h4>Mapa de localiza\u00e7\u00e3o<\/h4>\n<a class=\"wp-colorbox-iframe\" href=\"https:\/\/www.google.com\/maps\/embed?pb=!1m18!1m12!1m3!1d3983.8842341686313!2d-60.022633185242576!3d-3.1253008977242747!2m3!1f0!2f0!3f0!3m2!1i1024!2i768!4f13.1!3m3!1m2!1s0x926c0563feb85ab90xff06b595676c49b4!2sAv.+Getlio+Vargas+1116+-+Centro+Manaus+-+AM+69025-040!5e0!3m2!1spt-BR!2sbr!4v1513349944233\"><img decoding=\"async\" src=\"http:\/\/www.encontrabelohorizonte.com.br\/imgs\/maps-post.png\"><\/a>\n\n<div style=\"font-size: 0px; height: 0px; line-height: 0px; margin: 0; padding: 0; clear: both;\"><\/div>","protected":false},"excerpt":{"rendered":"<p>O Servi\u00e7o Social da Ind\u00fastria \u2013 SESI \u00e9 uma entidade de direito privado, nos termos da lei civil, estruturada em base federativa para prestar assist\u00eancia social aos trabalhadores industriais e de atividades assemelhadas em todo o pa\u00eds. O Sesi Manaus \u00e9 parceiro das empresas, fornecendo apoio ativo na implanta\u00e7\u00e3o e desenvolvimento de projetos de benef\u00edcios sociais para funcion\u00e1rios Sesi Sa\u00fade Manaus A Sesi Cl\u00ednica oferece as especialidades: Cl\u00ednica Geral Cardiologia Dermatologia Endocrinologia Fisioterapia Ginecologia Gastroenterologia Mastologia Nutri\u00e7\u00e3o Oftalmologia Ortopedia Otorrinolaringologia Pediatria Psicologia Psiquiatria Ultrassonografia Urologia O Sesi ainda possui: Consulta e acompanhamento de enfermagem; Realiza\u00e7\u00e3o de exames de imagens: Mamografia, <\/p>\n","protected":false},"author":1,"featured_media":0,"parent":0,"menu_order":0,"comment_status":"closed","ping_status":"closed","template":"","meta":{"footnotes":""},"class_list":["post-354","page","type-page","status-publish","hentry"],"aioseo_notices":[],"_links":{"self":[{"href":"https:\/\/www.encontramanausam.com.br\/sobre\/wp-json\/wp\/v2\/pages\/354","targetHints":{"allow":["GET"]}}],"collection":[{"href":"https:\/\/www.encontramanausam.com.br\/sobre\/wp-json\/wp\/v2\/pages"}],"about":[{"href":"https:\/\/www.encontramanausam.com.br\/sobre\/wp-json\/wp\/v2\/types\/page"}],"author":[{"embeddable":true,"href":"https:\/\/www.encontramanausam.com.br\/sobre\/wp-json\/wp\/v2\/users\/1"}],"replies":[{"embeddable":true,"href":"https:\/\/www.encontramanausam.com.br\/sobre\/wp-json\/wp\/v2\/comments?post=354"}],"version-history":[{"count":4,"href":"https:\/\/www.encontramanausam.com.br\/sobre\/wp-json\/wp\/v2\/pages\/354\/revisions"}],"predecessor-version":[{"id":3475,"href":"https:\/\/www.encontramanausam.com.br\/sobre\/wp-json\/wp\/v2\/pages\/354\/revisions\/3475"}],"wp:attachment":[{"href":"https:\/\/www.encontramanausam.com.br\/sobre\/wp-json\/wp\/v2\/media?parent=354"}],"curies":[{"name":"wp","href":"https:\/\/api.w.org\/{rel}","templated":true}]}}