{"id":2631,"date":"2018-11-29T15:16:34","date_gmt":"2018-11-29T18:16:34","guid":{"rendered":"http:\/\/www.encontramanausam.com.br\/sobre\/?page_id=2631"},"modified":"2018-11-29T15:56:31","modified_gmt":"2018-11-29T18:56:31","slug":"praca-sao-sebastiao-manaus","status":"publish","type":"page","link":"https:\/\/www.encontramanausam.com.br\/sobre\/praca-sao-sebastiao-manaus\/","title":{"rendered":"Pra\u00e7a S\u00e3o Sebasti\u00e3o Manaus"},"content":{"rendered":"<div class=\"882fdd0d88065009358e99f1a9406c55\" data-index=\"1\" style=\"float: none; margin:0px;\">\n<script async src=\"https:\/\/pagead2.googlesyndication.com\/pagead\/js\/adsbygoogle.js?client=ca-pub-8585364105181520\"\r\n     crossorigin=\"anonymous\"><\/script>\r\n<!-- Anuncio display - global -->\r\n<ins class=\"adsbygoogle\"\r\n     style=\"display:block\"\r\n     data-ad-client=\"ca-pub-8585364105181520\"\r\n     data-ad-slot=\"8789329856\"\r\n     data-ad-format=\"auto\"\r\n     data-full-width-responsive=\"true\"><\/ins>\r\n<script>\r\n     (adsbygoogle = window.adsbygoogle || []).push({});\r\n<\/script>\n<\/div>\n<p>A <strong>Pra\u00e7a S\u00e3o Sebasti\u00e3o Manaus<\/strong>, muito frequentada por moradores de Manaus, \u00e9 uma das mais antigas da cidade.<\/p>\n<p>Em forma de c\u00edrculo, \u00e9 cercada de \u00e1rvores nas laterais. Um de seus maiores destaques \u00e9 o piso em pedrinhas nas cores preto e branco, que faz refer\u00eancia ao Encontro das \u00c1guas.<\/p>\n<p><img loading=\"lazy\" decoding=\"async\" class=\"aligncenter wp-image-2633 size-full\" title=\"Pra\u00e7a S\u00e3o Sebasti\u00e3o Manaus\" src=\"http:\/\/www.encontramanausam.com.br\/sobre\/wp-content\/uploads\/2018\/11\/praca-sao-sebastao-manaus.jpg\" alt=\"Pra\u00e7a S\u00e3o Sebasti\u00e3o Manaus\" width=\"680\" height=\"189\" srcset=\"https:\/\/www.encontramanausam.com.br\/sobre\/wp-content\/uploads\/2018\/11\/praca-sao-sebastao-manaus.jpg 680w, https:\/\/www.encontramanausam.com.br\/sobre\/wp-content\/uploads\/2018\/11\/praca-sao-sebastao-manaus-300x83.jpg 300w\" sizes=\"auto, (max-width: 680px) 100vw, 680px\" \/><\/p>\n<p>O ch\u00e3o da Pra\u00e7a S\u00e3o Sebasti\u00e3o inspirou o piso do cal\u00e7ad\u00e3o da praia de Copacabana, no Rio de Janeiro, que tem o mesmo desenho ondulado que reproduzem os banzeiros dos rios.<\/p>\n<p>Outro destaque da Pra\u00e7a \u00e9 o Monumento da Abertura dos Portos \u00e0s Na\u00e7\u00f5es Amigas, que marca o in\u00edcio do com\u00e9rcio com outros pa\u00edses, al\u00e9m de Portugal. Constru\u00eddo em m\u00e1rmore, ele est\u00e1 localizado bem no meio da pra\u00e7a e ao redor h\u00e1 um chafariz.<\/p>\n<p>O monumento tem muitos detalhes que podem ser observados por algu\u00e9m mais atento. A escultura de uma mulher, que representa a Amaz\u00f4nia, fica no topo. Na base, quatro caravelas apontam para dire\u00e7\u00f5es diferentes, cada uma representando um continente (Am\u00e9ricas, Europa, \u00c1sia e \u00c1frica).<\/p>\n<p>Alguns dos pr\u00e9dios hist\u00f3ricos ao redor funcionam como bares e restaurantes. Um dos mais frequentados \u00e9 a African House, que vende sandu\u00edches e sucos.<\/p>\n<p>A Tambaqui de Banda, peixaria que tem v\u00e1rias filiais espalhadas pela cidade, oferece aos turistas e locais os saborosos peixes regionais, e a Sorveteria Glacial, os sorvetes feitos de frutas regionais como o cupua\u00e7u e o a\u00e7a\u00ed.<\/p>\n<p>Uma banca de comida, feita de ferro trabalhado, oferece a oportunidade dos visitantes experimentarem uma das comidas t\u00edpicas mais apreciadas da regi\u00e3o, o tacac\u00e1, feito com goma de tapioca, tucupi, jamb\u00fa e camar\u00e3o.<\/p>\n<p>H\u00e1 tamb\u00e9m uma banca de revista. Mas n\u00e3o \u00e9 uma banca qualquer. O local vende revistas e livros e, ocasionalmente, tamb\u00e9m funciona como espa\u00e7o de lan\u00e7amento de livros. Milton Hatoum, o mais reconhecido escritor do Estado do Amazonas, quando realiza sess\u00f5es de aut\u00f3grafos em Manaus, sempre gosta de faz\u00ea-las na Banca do Joaquim, como \u00e9 conhecido o local.<\/p>\n<h3>Monumento Pra\u00e7a S\u00e3o Sebasti\u00e3o Manaus<\/h3>\n<p>O <em>Monumento<\/em> \u00e0 Abertura dos Portos \u00e0s Na\u00e7\u00f5es Amigas est\u00e1 localizado no Largo de S\u00e3o Sebasti\u00e3o, diante do Teatro Amazonas, na cidade de Manaus, no Brasil. Foi inaugurado em 1900 para comemorar a libera\u00e7\u00e3o dos portos do rio Amazonas ao com\u00e9rcio exterior, em 1866.<\/p>\n<p>O <em>monumento<\/em> que hoje se encontra na pra\u00e7a n\u00e3o \u00e9 o original. O primeiro levantado era somente um obelisco, inaugurado em 1867, registrando a data do acontecimento hist\u00f3rico. Em 1899, com a riqueza advinda da explora\u00e7\u00e3o da borracha, ergue-se outro monumento (o atualmente existente) mais imponente e de maior valor art\u00edstico, sob a supervis\u00e3o e cria\u00e7\u00e3o do artista italiano Domenico de Angelis, que na \u00e9poca dedicava-se \u00e0 decora\u00e7\u00e3o do sal\u00e3o nobre do Teatro Amazonas, ent\u00e3o em constru\u00e7\u00e3o. Todo material usado no monumento foi importado da Europa, especialmente da It\u00e1lia.<\/p>\n<p>Inaugurado em 1900, no ano da comemora\u00e7\u00e3o do quarto centen\u00e1rio do Brasil, o monumento simboliza os quatro \u201ccantos do mundo\u201d: \u00c1sia, Am\u00e9rica, \u00c1frica e Europa, cada um \u00e9 representado por uma embarca\u00e7\u00e3o, com um menino sentado.<\/p>\n<p>O <em>monumento<\/em> registra a data de XV de Novembro de 1889, em que se comemora a Proclama\u00e7\u00e3o da Rep\u00fablica do Brasil, ressaltando o nome de Jos\u00e9 Cardoso Ramalho J\u00fanior, na \u00e9poca governador do Estado do Amazonas. Em 1995 a pra\u00e7a foi integralmente recuperada pela Prefeitura de Manaus, em conv\u00eanio de parceria com a empresa Xerox do Brasil.<\/p>\n<h3>Programa\u00e7\u00e3o Pra\u00e7a S\u00e3o Sebasti\u00e3o Manaus<\/h3>\n<p>Fique atento ao Facebook da Pra\u00e7a S\u00e3o Sebasti\u00e3o, l\u00e1 voc\u00ea encontra toda a <span style=\"text-decoration: underline;\">programa\u00e7\u00e3o.<\/span><\/p>\n<h3>Hist\u00f3ria da Pra\u00e7a S\u00e3o Sebasti\u00e3o Manaus<\/h3>\n<p>A pra\u00e7a foi aberta em 1867 e para a constru\u00e7\u00e3o do espa\u00e7o, a plan\u00edcie foi rebaixada cerca de 50 metros. Antes, o solo era do n\u00edvel da Pra\u00e7a do Congresso. Segundo Loureiro, a terra retirada do rebaixamento serviu para aterrar igarap\u00e9s do Porto de Manaus e da parte central da cidade.<\/p>\n<p>Em 1881, come\u00e7aram os trabalhos para a constru\u00e7\u00e3o do Largo, resultando na desapropria\u00e7\u00e3o de casas do entorno. Era na Pra\u00e7a de S\u00e3o Sebasti\u00e3o que aconteciam as quermesses do santo que d\u00e1 nome \u00e0 igreja vizinha ao largo.<\/p>\n<p>Os festejos aconteciam por dez dias, de 10 a 20 de janeiro. Muitos fieis ocupavam a pra\u00e7a para assistir a celebra\u00e7\u00e3o. O espa\u00e7o tamb\u00e9m foi palco de grandes com\u00edcios em \u00e9pocas eleitorais.<\/p>\n<p>Pedras brancas e pretas formando o movimento do mar foram instaladas para delimitar a pra\u00e7a. O Monumento de Abertura dos Portos foi uma homenagem \u00e0 abertura portu\u00e1ria do Brasil para o com\u00e9rcio com outros pa\u00edses al\u00e9m de Portugal.<\/p>\n<p>No topo, um est\u00e1tua de mulher representa a regi\u00e3o amaz\u00f4nica, cortejada pela representa\u00e7\u00e3o do deus grego Hermes, considerado o deus do com\u00e9rcio. Na base do monumento, cinco embarca\u00e7\u00f5es apontam na dire\u00e7\u00e3o de cada continente, respectivamente.<\/p>\n<h3>Onde Fica, Endere\u00e7o Pra\u00e7a S\u00e3o Sebasti\u00e3o Manaus<\/h3>\n<ul>\n<li>Centro Hist\u00f3rico &#8211; Manaus &#8211; AM<\/li>\n<\/ul>\n<h3>Pra\u00e7a S\u00e3o Sebasti\u00e3o Manaus Fotos<\/h3>\n<p><img loading=\"lazy\" decoding=\"async\" class=\"aligncenter wp-image-2634 size-full\" title=\"Pra\u00e7a S\u00e3o Sebasti\u00e3o Manaus Fotos\" src=\"http:\/\/www.encontramanausam.com.br\/sobre\/wp-content\/uploads\/2018\/11\/praca-sao-sebastao-manaus-fotos.jpg\" alt=\"Pra\u00e7a S\u00e3o Sebasti\u00e3o Manaus Fotos\" width=\"748\" height=\"461\" srcset=\"https:\/\/www.encontramanausam.com.br\/sobre\/wp-content\/uploads\/2018\/11\/praca-sao-sebastao-manaus-fotos.jpg 748w, https:\/\/www.encontramanausam.com.br\/sobre\/wp-content\/uploads\/2018\/11\/praca-sao-sebastao-manaus-fotos-300x185.jpg 300w, https:\/\/www.encontramanausam.com.br\/sobre\/wp-content\/uploads\/2018\/11\/praca-sao-sebastao-manaus-fotos-223x137.jpg 223w\" sizes=\"auto, (max-width: 748px) 100vw, 748px\" \/><\/p>\n<h4>Mapa Pra\u00e7a S\u00e3o Sebasti\u00e3o Manaus<\/h4>\n<a class=\"wp-colorbox-iframe\" href=\"https:\/\/www.google.com\/maps\/embed?pb=!1m14!1m8!1m3!1d15935.459342611179!2d-60.0225226!3d-3.1304063!3m2!1i1024!2i768!4f13.1!3m3!1m2!1s0x00xccf2a06a535c5523!2sPraa+So+Sebastio+-+Centro+Manaus+-+AM+69010-070!5e0!3m2!1spt-BR!2sbr!4v1543498324278\"><img decoding=\"async\" src=\"http:\/\/www.encontrabelohorizonte.com.br\/imgs\/maps-post.png\"><\/a>\n\n<div style=\"font-size: 0px; height: 0px; line-height: 0px; margin: 0; padding: 0; clear: both;\"><\/div>","protected":false},"excerpt":{"rendered":"<p>A Pra\u00e7a S\u00e3o Sebasti\u00e3o Manaus, muito frequentada por moradores de Manaus, \u00e9 uma das mais antigas da cidade. Em forma de c\u00edrculo, \u00e9 cercada de \u00e1rvores nas laterais. Um de seus maiores destaques \u00e9 o piso em pedrinhas nas cores preto e branco, que faz refer\u00eancia ao Encontro das \u00c1guas. O ch\u00e3o da Pra\u00e7a S\u00e3o Sebasti\u00e3o inspirou o piso do cal\u00e7ad\u00e3o da praia de Copacabana, no Rio de Janeiro, que tem o mesmo desenho ondulado que reproduzem os banzeiros dos rios. Outro destaque da Pra\u00e7a \u00e9 o Monumento da Abertura dos Portos \u00e0s Na\u00e7\u00f5es Amigas, que marca o in\u00edcio do <\/p>\n","protected":false},"author":1,"featured_media":0,"parent":0,"menu_order":0,"comment_status":"closed","ping_status":"closed","template":"","meta":{"footnotes":""},"class_list":["post-2631","page","type-page","status-publish","hentry"],"aioseo_notices":[],"_links":{"self":[{"href":"https:\/\/www.encontramanausam.com.br\/sobre\/wp-json\/wp\/v2\/pages\/2631","targetHints":{"allow":["GET"]}}],"collection":[{"href":"https:\/\/www.encontramanausam.com.br\/sobre\/wp-json\/wp\/v2\/pages"}],"about":[{"href":"https:\/\/www.encontramanausam.com.br\/sobre\/wp-json\/wp\/v2\/types\/page"}],"author":[{"embeddable":true,"href":"https:\/\/www.encontramanausam.com.br\/sobre\/wp-json\/wp\/v2\/users\/1"}],"replies":[{"embeddable":true,"href":"https:\/\/www.encontramanausam.com.br\/sobre\/wp-json\/wp\/v2\/comments?post=2631"}],"version-history":[{"count":2,"href":"https:\/\/www.encontramanausam.com.br\/sobre\/wp-json\/wp\/v2\/pages\/2631\/revisions"}],"predecessor-version":[{"id":2661,"href":"https:\/\/www.encontramanausam.com.br\/sobre\/wp-json\/wp\/v2\/pages\/2631\/revisions\/2661"}],"wp:attachment":[{"href":"https:\/\/www.encontramanausam.com.br\/sobre\/wp-json\/wp\/v2\/media?parent=2631"}],"curies":[{"name":"wp","href":"https:\/\/api.w.org\/{rel}","templated":true}]}}

Praça São Sebastião Manaus

<div class="882fdd0d88065009358e99f1a9406c55" data-index="1" style="float: none; margin:0px;">
<script async src="https://pagead2.googlesyndication.com/pagead/js/adsbygoogle.js?client=ca-pub-8585364105181520"
     crossorigin="anonymous"></script>
<!-- Anuncio display - global -->
<ins class="adsbygoogle"
     style="display:block"
     data-ad-client="ca-pub-8585364105181520"
     data-ad-slot="8789329856"
     data-ad-format="auto"
     data-full-width-responsive="true"></ins>
<script>
     (adsbygoogle = window.adsbygoogle || []).push({});
</script>
</div>
<p>A <strong>Praça São Sebastião Manaus</strong>, muito frequentada por moradores de Manaus, é uma das mais antigas da cidade.</p>
<p>Em forma de círculo, é cercada de árvores nas laterais. Um de seus maiores destaques é o piso em pedrinhas nas cores preto e branco, que faz referência ao Encontro das Águas.</p>
<p><img loading="lazy" decoding="async" class="aligncenter wp-image-2633 size-full" title="Praça São Sebastião Manaus" src="http://www.encontramanausam.com.br/sobre/wp-content/uploads/2018/11/praca-sao-sebastao-manaus.jpg" alt="Praça São Sebastião Manaus" width="680" height="189" srcset="https://www.encontramanausam.com.br/sobre/wp-content/uploads/2018/11/praca-sao-sebastao-manaus.jpg 680w, https://www.encontramanausam.com.br/sobre/wp-content/uploads/2018/11/praca-sao-sebastao-manaus-300x83.jpg 300w" sizes="auto, (max-width: 680px) 100vw, 680px" /></p>
<p>O chão da Praça São Sebastião inspirou o piso do calçadão da praia de Copacabana, no Rio de Janeiro, que tem o mesmo desenho ondulado que reproduzem os banzeiros dos rios.</p>
<p>Outro destaque da Praça é o Monumento da Abertura dos Portos às Nações Amigas, que marca o início do comércio com outros países, além de Portugal. Construído em mármore, ele está localizado bem no meio da praça e ao redor há um chafariz.</p>
<p>O monumento tem muitos detalhes que podem ser observados por alguém mais atento. A escultura de uma mulher, que representa a Amazônia, fica no topo. Na base, quatro caravelas apontam para direções diferentes, cada uma representando um continente (Américas, Europa, Ásia e África).</p>
<p>Alguns dos prédios históricos ao redor funcionam como bares e restaurantes. Um dos mais frequentados é a African House, que vende sanduíches e sucos.</p>
<p>A Tambaqui de Banda, peixaria que tem várias filiais espalhadas pela cidade, oferece aos turistas e locais os saborosos peixes regionais, e a Sorveteria Glacial, os sorvetes feitos de frutas regionais como o cupuaçu e o açaí.</p>
<p>Uma banca de comida, feita de ferro trabalhado, oferece a oportunidade dos visitantes experimentarem uma das comidas típicas mais apreciadas da região, o tacacá, feito com goma de tapioca, tucupi, jambú e camarão.</p>
<p>Há também uma banca de revista. Mas não é uma banca qualquer. O local vende revistas e livros e, ocasionalmente, também funciona como espaço de lançamento de livros. Milton Hatoum, o mais reconhecido escritor do Estado do Amazonas, quando realiza sessões de autógrafos em Manaus, sempre gosta de fazê-las na Banca do Joaquim, como é conhecido o local.</p>
<h3>Monumento Praça São Sebastião Manaus</h3>
<p>O <em>Monumento</em> à Abertura dos Portos às Nações Amigas está localizado no Largo de São Sebastião, diante do Teatro Amazonas, na cidade de Manaus, no Brasil. Foi inaugurado em 1900 para comemorar a liberação dos portos do rio Amazonas ao comércio exterior, em 1866.</p>
<p>O <em>monumento</em> que hoje se encontra na praça não é o original. O primeiro levantado era somente um obelisco, inaugurado em 1867, registrando a data do acontecimento histórico. Em 1899, com a riqueza advinda da exploração da borracha, ergue-se outro monumento (o atualmente existente) mais imponente e de maior valor artístico, sob a supervisão e criação do artista italiano Domenico de Angelis, que na época dedicava-se à decoração do salão nobre do Teatro Amazonas, então em construção. Todo material usado no monumento foi importado da Europa, especialmente da Itália.</p>
<p>Inaugurado em 1900, no ano da comemoração do quarto centenário do Brasil, o monumento simboliza os quatro “cantos do mundo”: Ásia, América, África e Europa, cada um é representado por uma embarcação, com um menino sentado.</p>
<p>O <em>monumento</em> registra a data de XV de Novembro de 1889, em que se comemora a Proclamação da República do Brasil, ressaltando o nome de José Cardoso Ramalho Júnior, na época governador do Estado do Amazonas. Em 1995 a praça foi integralmente recuperada pela Prefeitura de Manaus, em convênio de parceria com a empresa Xerox do Brasil.</p>
<h3>Programação Praça São Sebastião Manaus</h3>
<p>Fique atento ao Facebook da Praça São Sebastião, lá você encontra toda a <span style="text-decoration: underline;">programação.</span></p>
<h3>História da Praça São Sebastião Manaus</h3>
<p>A praça foi aberta em 1867 e para a construção do espaço, a planície foi rebaixada cerca de 50 metros. Antes, o solo era do nível da Praça do Congresso. Segundo Loureiro, a terra retirada do rebaixamento serviu para aterrar igarapés do Porto de Manaus e da parte central da cidade.</p>
<p>Em 1881, começaram os trabalhos para a construção do Largo, resultando na desapropriação de casas do entorno. Era na Praça de São Sebastião que aconteciam as quermesses do santo que dá nome à igreja vizinha ao largo.</p>
<p>Os festejos aconteciam por dez dias, de 10 a 20 de janeiro. Muitos fieis ocupavam a praça para assistir a celebração. O espaço também foi palco de grandes comícios em épocas eleitorais.</p>
<p>Pedras brancas e pretas formando o movimento do mar foram instaladas para delimitar a praça. O Monumento de Abertura dos Portos foi uma homenagem à abertura portuária do Brasil para o comércio com outros países além de Portugal.</p>
<p>No topo, um estátua de mulher representa a região amazônica, cortejada pela representação do deus grego Hermes, considerado o deus do comércio. Na base do monumento, cinco embarcações apontam na direção de cada continente, respectivamente.</p>
<h3>Onde Fica, Endereço Praça São Sebastião Manaus</h3>
<ul>
<li>Centro Histórico &#8211; Manaus &#8211; AM</li>
</ul>
<h3>Praça São Sebastião Manaus Fotos</h3>
<p><img loading="lazy" decoding="async" class="aligncenter wp-image-2634 size-full" title="Praça São Sebastião Manaus Fotos" src="http://www.encontramanausam.com.br/sobre/wp-content/uploads/2018/11/praca-sao-sebastao-manaus-fotos.jpg" alt="Praça São Sebastião Manaus Fotos" width="748" height="461" srcset="https://www.encontramanausam.com.br/sobre/wp-content/uploads/2018/11/praca-sao-sebastao-manaus-fotos.jpg 748w, https://www.encontramanausam.com.br/sobre/wp-content/uploads/2018/11/praca-sao-sebastao-manaus-fotos-300x185.jpg 300w, https://www.encontramanausam.com.br/sobre/wp-content/uploads/2018/11/praca-sao-sebastao-manaus-fotos-223x137.jpg 223w" sizes="auto, (max-width: 748px) 100vw, 748px" /></p>
<h4>Mapa Praça São Sebastião Manaus</h4>
<a class="wp-colorbox-iframe" href="https://www.google.com/maps/embed?pb=!1m14!1m8!1m3!1d15935.459342611179!2d-60.0225226!3d-3.1304063!3m2!1i1024!2i768!4f13.1!3m3!1m2!1s0x00xccf2a06a535c5523!2sPraa+So+Sebastio+-+Centro+Manaus+-+AM+69010-070!5e0!3m2!1spt-BR!2sbr!4v1543498324278"><img decoding="async" src="http://www.encontrabelohorizonte.com.br/imgs/maps-post.png"></a>

<div style="font-size: 0px; height: 0px; line-height: 0px; margin: 0; padding: 0; clear: both;"></div>

<p>A Praça São Sebastião Manaus, muito frequentada por moradores de Manaus, é uma das mais antigas da cidade. Em forma de círculo, é cercada de árvores nas laterais. Um de seus maiores destaques é o piso em pedrinhas nas cores preto e branco, que faz referência ao Encontro das Águas. O chão da Praça São Sebastião inspirou o piso do calçadão da praia de Copacabana, no Rio de Janeiro, que tem o mesmo desenho ondulado que reproduzem os banzeiros dos rios. Outro destaque da Praça é o Monumento da Abertura dos Portos às Nações Amigas, que marca o início do </p>
