{"id":2545,"date":"2018-11-28T16:25:18","date_gmt":"2018-11-28T19:25:18","guid":{"rendered":"http:\/\/www.encontramanausam.com.br\/sobre\/?page_id=2545"},"modified":"2018-11-28T17:53:18","modified_gmt":"2018-11-28T20:53:18","slug":"rodoviaria-de-manaus","status":"publish","type":"page","link":"https:\/\/www.encontramanausam.com.br\/sobre\/rodoviaria-de-manaus\/","title":{"rendered":"Rodovi\u00e1ria de Manaus"},"content":{"rendered":"<div class=\"882fdd0d88065009358e99f1a9406c55\" data-index=\"1\" style=\"float: none; margin:0px;\">\n<script async src=\"https:\/\/pagead2.googlesyndication.com\/pagead\/js\/adsbygoogle.js?client=ca-pub-8585364105181520\"\r\n     crossorigin=\"anonymous\"><\/script>\r\n<!-- Anuncio display - global -->\r\n<ins class=\"adsbygoogle\"\r\n     style=\"display:block\"\r\n     data-ad-client=\"ca-pub-8585364105181520\"\r\n     data-ad-slot=\"8789329856\"\r\n     data-ad-format=\"auto\"\r\n     data-full-width-responsive=\"true\"><\/ins>\r\n<script>\r\n     (adsbygoogle = window.adsbygoogle || []).push({});\r\n<\/script>\n<\/div>\n<p>O <strong>Terminal Rodovi\u00e1rio de Manaus <\/strong>\u00e9 um terminal rodovi\u00e1rio localizado na cidade de Manaus, no Brasil.<\/p>\n<p>Inaugurado em 1980, est\u00e1 situado no bairro de Flores e atende as linhas de \u00f4nibus para os munic\u00edpios da Regi\u00e3o Metropolitana de Manaus e interior do Amazonas, al\u00e9m de rotas interestaduais para Rond\u00f4nia e Roraima, e internacionais para Caracas, capital da Venezuela.<\/p>\n<p><img loading=\"lazy\" decoding=\"async\" class=\"aligncenter wp-image-2547 size-full\" title=\"Rodovi\u00e1ria de Manaus\" src=\"http:\/\/www.encontramanausam.com.br\/sobre\/wp-content\/uploads\/2018\/11\/rodoviaria-de-manaus.jpg\" alt=\"Rodovi\u00e1ria de Manaus\" width=\"680\" height=\"189\" srcset=\"https:\/\/www.encontramanausam.com.br\/sobre\/wp-content\/uploads\/2018\/11\/rodoviaria-de-manaus.jpg 680w, https:\/\/www.encontramanausam.com.br\/sobre\/wp-content\/uploads\/2018\/11\/rodoviaria-de-manaus-300x83.jpg 300w\" sizes=\"auto, (max-width: 680px) 100vw, 680px\" \/><\/p>\n<p>O terminal rodovi\u00e1rio foi inaugurado em setembro de 1980 pelo governador Jos\u00e9 Lindoso e batizado em homenagem ao ex-prefeito Engenheiro Huascar Angelim. Localizada no Bairro Flores, in\u00edcio da rodovia estadual AM-010 atendeu no in\u00edcio da sua atividade linhas de \u00f4nibus para os munic\u00edpios da regi\u00e3o amaz\u00f4nica com acesso rodovi\u00e1rio, principalmente do entorno das BRs 174 e 319, respectivamente.<\/p>\n<p>A rodovi\u00e1ria \u00e9 um dos principais pontos de entrada e sa\u00edda de Manaus. Cerca de 34.600 mil passageiros passam pelo terminal todos os meses com destino a 15 munic\u00edpios do Amazonas, conforme dados da Ag\u00eancia Reguladora de Servi\u00e7os P\u00fablicos (Arsam). O terminal tamb\u00e9m recebe usu\u00e1rios dos transportes interestaduais e internacionais que acessam a cidade pela BR-174 &#8211; que liga a Manaus a Boa Vista, em Roraima, que n\u00e3o s\u00e3o contabilizados pelo \u00f3rg\u00e3o.<\/p>\n<h2>Rodovi\u00e1ria de Manaus Eucatur<\/h2>\n<p>A <em>EUCATUR<\/em> (Empresa Uni\u00e3o Cascavel de Transportes e Turismo Ltda.) iniciou sua trajet\u00f3ria no ano de 1964, com apenas uma linha, de aproximadamente 20 quil\u00f4metros, ligando Cascavel\/PR a Santa Tereza\/PR. Passados os anos, a empresa foi explorando novos lugares, transportando pessoas do Sul ao Norte do Brasil, tendo por objetivo principal levar as pessoas \u00e0s novas experi\u00eancias atrav\u00e9s de um transporte feito com carinho.<\/p>\n<p>Visando melhor atender seus clientes, a <em>EUCATUR<\/em>, possui em seu portf\u00f3lio de servi\u00e7os transporte rodovi\u00e1rio de pessoas, cargas e Express, sendo detentora de uma das maiores frotas de \u00f4nibus do pa\u00eds com linhas que atendem 14 Estados e Distrito Federal, al\u00e9m de diversos destinos na Venezuela, transportando mais de 330 mil passageiros por m\u00eas.<\/p>\n<p>Seu objetivo \u00e9 a garantia da satisfa\u00e7\u00e3o e conforto de seus clientes, investindo cada vez mais na atualiza\u00e7\u00e3o de sua frota, visando acompanhar o desenvolvimento tecnol\u00f3gico existente, seja no atendimento personalizado a seu cliente via site e redes sociais ou na disponibiliza\u00e7\u00e3o de elementos que garantam bem-estar durante sua viagem.<\/p>\n<h3>Rodoviaria de Manaus Asatur<\/h3>\n<p>A Empresa <span style=\"text-decoration: underline;\">ASATUR TURISMO<\/span>, foi criada em 03 de outubro de 2001 e faz parte do Grupo Econ\u00f4mico que \u00e9 composto pelas empresas: Asatur Transporte e <span style=\"text-decoration: underline;\">Asatur Turismo<\/span>. Tendo sua linha principal no trecho compreendido entre as cidades de Manaus\/AM e Boa Vista\/RR, al\u00e9m de servi\u00e7os como fretamento e loca\u00e7\u00e3o de ve\u00edculos.<\/p>\n<p>No in\u00edcio, tinham em m\u00e3os a miss\u00e3o de transportar os roraimenses dentro do pr\u00f3prio estado, miss\u00e3o essa exercida com grande orgulho e comprometimento, por\u00e9m a vis\u00e3o de seus s\u00f3cios fundadores ia al\u00e9m e j\u00e1 vislumbrava, juntamente com o acelerar dos motores dos seus ve\u00edculos, ampliar sua \u00e1rea de atua\u00e7\u00e3o \u2013 o que veio a ocorrer em meados de 2011.<\/p>\n<p>A empresa encontra-se instalada no eixo empresarial excelente da cidade de Boa Vista, pr\u00f3xima \u00e0 Rodovi\u00e1ria Internacional e o centro da cidade, sito \u00e0 Avenida Ville Roy, n\u00ba 8412, bairro S\u00e3o Vicente \u2013 Boa Vista-RR. Na atualidade \u00e9 a empresa mais bem localizada do segmento pois o acesso \u00e9 f\u00e1cil tanto para fornecedores e clientes quanto para seus colaboradores.<\/p>\n<p>A Asatur nasceu de um sonho. Foi fruto de muitos desafios superados, fazendo parte do crescimento do Estado de Roraima, uniu caminhos e dire\u00e7\u00f5es e hoje se projeta pra fora das fronteiras estaduais na busca de novos mercados.<\/p>\n<h3>Rodovi\u00e1ria de Manaus Empresas<\/h3>\n<p>Cerca de oito companhias rodovi\u00e1rias operam linhas que come\u00e7am, terminam ou passam pelo Terminal Rodovi\u00e1rio de Manaus. As<em> empresas<\/em> que atuam no terminal s\u00e3o as seguintes:<\/p>\n<ul>\n<li>Amatur Turismo<\/li>\n<li>Aruan\u00e3 Transportes<\/li>\n<li>Asatur Turismo<\/li>\n<li>Cabura\u00ed Transportes<\/li>\n<li>Eucatur<\/li>\n<li>Expresso Transamaz\u00f4nica<\/li>\n<li>Serra Azul Turismo<\/li>\n<li>Via\u00e7\u00e3o Master<\/li>\n<\/ul>\n<h3>Hor\u00e1rio de Funcionamento Rodovi\u00e1ria de Manaus<\/h3>\n<ul>\n<li>Aberto 24 horas<\/li>\n<\/ul>\n<h3>Onde Fica, Endere\u00e7o e Telefone Rodovi\u00e1ria de Manaus<\/h3>\n<ul>\n<li>Av. Djalma Batista, 2 &#8211; Nossa Sra. das Gracas, Manaus &#8211; A<\/li>\n<li>Telefone: (92) 3642-5805<\/li>\n<\/ul>\n<h4>Outras informa\u00e7\u00f5es e site<\/h4>\n<ul>\n<li>Mais informa\u00e7\u00f5es: <a href=\"http:\/\/www.eucatur.com.br\" target=\"_blank\" rel=\"noopener noreferrer\">www.eucatur.com.br<\/a><\/li>\n<\/ul>\n<h4>Mapa de localiza\u00e7\u00e3o<\/h4>\n<a class=\"wp-colorbox-iframe\" href=\"https:\/\/www.google.com\/maps\/embed?pb=!1m18!1m12!1m3!1d15914405.916533465!2d-64.39572718674145!3d-13.140119083566853!2m3!1f0!2f0!3f0!3m2!1i1024!2i768!4f13.1!3m3!1m2!1s0x926c1a827d13a7510x980799aa4e532f7c!2sTerminal+Rodovirio+de+Manaus!5e0!3m2!1spt-BR!2sbr!4v1543416259925\"><img decoding=\"async\" src=\"http:\/\/www.encontrabelohorizonte.com.br\/imgs\/maps-post.png\"><\/a>\n\n<div style=\"font-size: 0px; height: 0px; line-height: 0px; margin: 0; padding: 0; clear: both;\"><\/div>","protected":false},"excerpt":{"rendered":"<p>O Terminal Rodovi\u00e1rio de Manaus \u00e9 um terminal rodovi\u00e1rio localizado na cidade de Manaus, no Brasil. Inaugurado em 1980, est\u00e1 situado no bairro de Flores e atende as linhas de \u00f4nibus para os munic\u00edpios da Regi\u00e3o Metropolitana de Manaus e interior do Amazonas, al\u00e9m de rotas interestaduais para Rond\u00f4nia e Roraima, e internacionais para Caracas, capital da Venezuela. O terminal rodovi\u00e1rio foi inaugurado em setembro de 1980 pelo governador Jos\u00e9 Lindoso e batizado em homenagem ao ex-prefeito Engenheiro Huascar Angelim. Localizada no Bairro Flores, in\u00edcio da rodovia estadual AM-010 atendeu no in\u00edcio da sua atividade linhas de \u00f4nibus para os <\/p>\n","protected":false},"author":1,"featured_media":0,"parent":0,"menu_order":0,"comment_status":"closed","ping_status":"closed","template":"","meta":{"footnotes":""},"class_list":["post-2545","page","type-page","status-publish","hentry"],"aioseo_notices":[],"_links":{"self":[{"href":"https:\/\/www.encontramanausam.com.br\/sobre\/wp-json\/wp\/v2\/pages\/2545","targetHints":{"allow":["GET"]}}],"collection":[{"href":"https:\/\/www.encontramanausam.com.br\/sobre\/wp-json\/wp\/v2\/pages"}],"about":[{"href":"https:\/\/www.encontramanausam.com.br\/sobre\/wp-json\/wp\/v2\/types\/page"}],"author":[{"embeddable":true,"href":"https:\/\/www.encontramanausam.com.br\/sobre\/wp-json\/wp\/v2\/users\/1"}],"replies":[{"embeddable":true,"href":"https:\/\/www.encontramanausam.com.br\/sobre\/wp-json\/wp\/v2\/comments?post=2545"}],"version-history":[{"count":2,"href":"https:\/\/www.encontramanausam.com.br\/sobre\/wp-json\/wp\/v2\/pages\/2545\/revisions"}],"predecessor-version":[{"id":2585,"href":"https:\/\/www.encontramanausam.com.br\/sobre\/wp-json\/wp\/v2\/pages\/2545\/revisions\/2585"}],"wp:attachment":[{"href":"https:\/\/www.encontramanausam.com.br\/sobre\/wp-json\/wp\/v2\/media?parent=2545"}],"curies":[{"name":"wp","href":"https:\/\/api.w.org\/{rel}","templated":true}]}}