{"id":2534,"date":"2018-11-28T16:12:37","date_gmt":"2018-11-28T19:12:37","guid":{"rendered":"http:\/\/www.encontramanausam.com.br\/sobre\/?page_id=2534"},"modified":"2018-11-28T17:56:18","modified_gmt":"2018-11-28T20:56:18","slug":"biometria-manaus","status":"publish","type":"page","link":"https:\/\/www.encontramanausam.com.br\/sobre\/biometria-manaus\/","title":{"rendered":"Biometria Manaus"},"content":{"rendered":"<div class=\"882fdd0d88065009358e99f1a9406c55\" data-index=\"1\" style=\"float: none; margin:0px;\">\n<script async src=\"https:\/\/pagead2.googlesyndication.com\/pagead\/js\/adsbygoogle.js?client=ca-pub-8585364105181520\"\r\n     crossorigin=\"anonymous\"><\/script>\r\n<!-- Anuncio display - global -->\r\n<ins class=\"adsbygoogle\"\r\n     style=\"display:block\"\r\n     data-ad-client=\"ca-pub-8585364105181520\"\r\n     data-ad-slot=\"8789329856\"\r\n     data-ad-format=\"auto\"\r\n     data-full-width-responsive=\"true\"><\/ins>\r\n<script>\r\n     (adsbygoogle = window.adsbygoogle || []).push({});\r\n<\/script>\n<\/div>\n<p>A biometria \u00e9 uma tecnologia que vem sendo adotada pela Justi\u00e7a Eleitoral desde 2008, para dar mais seguran\u00e7a \u00e0 identifica\u00e7\u00e3o do eleitor no momento da vota\u00e7\u00e3o.<\/p>\n<p>Por isso, alguns cart\u00f3rios eleitorais est\u00e3o realizando recadastramento biom\u00e9trico, para coleta de digitais, assinatura e foto do eleitor. Da\u00ed o nome \u201cbiometria\u201d &#8211; porque ser\u00e3o coletados e armazenados dados f\u00edsicos do eleitor. Saiba mais sobre o\u00a0<strong>Biometria Manaus<\/strong>.<\/p>\n<p><img loading=\"lazy\" decoding=\"async\" class=\"aligncenter wp-image-2536 size-full\" title=\"Biometria Manaus\" src=\"http:\/\/www.encontramanausam.com.br\/sobre\/wp-content\/uploads\/2018\/11\/biometria-manaus.jpg\" alt=\"Biometria Manaus\" width=\"680\" height=\"189\" srcset=\"https:\/\/www.encontramanausam.com.br\/sobre\/wp-content\/uploads\/2018\/11\/biometria-manaus.jpg 680w, https:\/\/www.encontramanausam.com.br\/sobre\/wp-content\/uploads\/2018\/11\/biometria-manaus-300x83.jpg 300w\" sizes=\"auto, (max-width: 680px) 100vw, 680px\" \/><\/p>\n<p>&nbsp;<\/p>\n<p>A biometria pode ser de dois tipos:<\/p>\n<p style=\"padding-left: 30px;\">\u00a0&#8211; Extraordin\u00e1ria \u2013 todos os eleitores s\u00e3o obrigados a comparecer ao cart\u00f3rio eleitoral ou unidade de atendimento, no prazo estabelecido pelo Tribunal Regional Eleitoral, para fazer o recadastramento biom\u00e9trico, sob pena de cancelamento dos respectivos t\u00edtulos eleitorais;<\/p>\n<p style=\"padding-left: 30px;\">\u00a0&#8211; Ordin\u00e1ria \u2013 ocorre \u00e0 medida que os interessados comparecerem ao cart\u00f3rio eleitoral ou unidade de atendimento, no prazo estipulado pelo Tribunal Regional Eleitoral. Embora n\u00e3o haja convoca\u00e7\u00e3o para comparecimento do eleitorado, o procedimento \u00e9 obrigat\u00f3rio para aqueles que procuram a Justi\u00e7a Eleitoral. Findo o prazo estabelecido para o recadastramento biom\u00e9trico ordin\u00e1rio, o Tribunal determinar\u00e1 novo prazo para a realiza\u00e7\u00e3o de biometria extraordin\u00e1ria que, se n\u00e3o cumprido, acarretar\u00e1 o cancelamento do t\u00edtulo daqueles que ainda n\u00e3o tenham realizado o recadastramento biom\u00e9trico.<\/p>\n<p><strong>Quem deve fazer o recadastramento biom\u00e9trico?<\/strong><\/p>\n<p>Tratando-se de biometria extraordin\u00e1ria, que implica na revis\u00e3o do eleitorado, todos os eleitores do munic\u00edpio onde est\u00e1 ocorrendo o <em>recadastramento<\/em> s\u00e3o obrigados a comparecer, inclusive aqueles que t\u00eam o voto facultativo (analfabetos, maiores de 16 e menores de 18 anos e os maiores de 70 anos). Quanto \u00e0 biometria ordin\u00e1ria, como n\u00e3o h\u00e1 convoca\u00e7\u00e3o do eleitorado, \u00e9 obrigat\u00f3ria apenas para os interessados que comparecem ao cart\u00f3rio ou unidade de atendimento, a fim de solicitar a primeira ou segunda via do t\u00edtulo de eleitor, alterar dados cadastrais ou solicitar transfer\u00eancia, inclusive aqueles que t\u00eam o voto facultativo (analfabetos, maiores de 16 e menores de 18 anos e os maiores de 70 anos).<\/p>\n<p><strong>O que acontece com o eleitor que n\u00e3o realizar o recadastramento biom\u00e9trico?<\/strong><\/p>\n<p>Na biometria extraordin\u00e1ria, <span style=\"text-decoration: underline;\">quem n\u00e3o se recadastrar<\/span> at\u00e9 o fim do prazo anunciado pela zona eleitoral ter\u00e1 o t\u00edtulo eleitoral cancelado e n\u00e3o poder\u00e1 votar nas elei\u00e7\u00f5es seguintes. Na biometria ordin\u00e1ria, n\u00e3o haver\u00e1 cancelamento do t\u00edtulo dos eleitores que n\u00e3o comparecerem ao cart\u00f3rio ou unidade de atendimento.<\/p>\n<p><strong>Qual o prazo para o recadastramento biom\u00e9trico?<\/strong><\/p>\n<p>O prazo para <em>recadastramento<\/em> \u00e9 vari\u00e1vel, devendo a zona ser consultada. Os telefones de todos os cart\u00f3rios eleitorais de Manaus podem ser encontrados em www.tre-am.jus.br<\/p>\n<p><strong>Como fazer o recadastramento biom\u00e9trico?<\/strong><\/p>\n<p>O eleitor dever\u00e1 comparecer ao cart\u00f3rio eleitoral ou unidade de atendimento, apresentando o original de um dos seguintes documentos:<\/p>\n<p style=\"padding-left: 30px;\">&#8211; carteira de identidade ou carteira emitida pelos \u00f3rg\u00e3os criados por lei federal, controladores do exerc\u00edcio profissional (ex.: OAB, CREA, CRM etc.);<br \/>\n&#8211; documento que comprove a quita\u00e7\u00e3o das obriga\u00e7\u00f5es relativas ao servi\u00e7o militar obrigat\u00f3rio ou presta\u00e7\u00e3o alternativa;<br \/>\n&#8211; Carteira Nacional de Habilita\u00e7\u00e3o (CNH), acompanhada, em caso de alistamento (primeira via do t\u00edtulo), de outro documento oficial que informe a naturalidade;<br \/>\n&#8211; passaporte, desde que contenha informa\u00e7\u00e3o relativa \u00e0 filia\u00e7\u00e3o;<br \/>\n&#8211; carteira de trabalho (CTPS).<\/p>\n<p>O eleitor tamb\u00e9m dever\u00e1 apresentar comprovante de resid\u00eancia recente (emitido nos \u00faltimos 3 meses). Para o alistamento eleitoral (primeira via do t\u00edtulo), os homens com idade entre 18 e 45 anos dever\u00e3o, ainda, apresentar documento que comprove sua quita\u00e7\u00e3o com o servi\u00e7o militar.<\/p>\n<h2>Agendamento Biometria Manaus<\/h2>\n<p style=\"padding-left: 30px;\">I : O Sistema de <span style=\"text-decoration: underline;\">Agendamento<\/span> fica disponibilizado diariamente, de segunda a sexta-feira, a partir das 13:00 horas, at\u00e9 o preenchimento dos hor\u00e1rios dispon\u00edveis;<\/p>\n<p style=\"padding-left: 30px;\">II &#8211; O agendamento permite a escolha do dia e hor\u00e1rio para atendimento no MUNIC\u00cdPIO DE SEU DOMIC\u00cdLIO, referente aos servi\u00e7os de inscri\u00e7\u00e3o eleitoral, transfer\u00eancia, segunda via e revis\u00e3o de dados;<\/p>\n<p style=\"padding-left: 30px;\">III &#8211; No momento, o sistema de agendamento est\u00e1 dispon\u00edvel apenas para os munic\u00edpios de MANAUS e IRANDUBA;<\/p>\n<p style=\"padding-left: 30px;\">IV- Para obten\u00e7\u00e3o de certid\u00f5es negativas eleitorais n\u00e3o \u00e9 necess\u00e1rio agendamento, bastando comparecer diretamente ao Cart\u00f3rio Eleitoral;<\/p>\n<h3>Endere\u00e7o Agendamento Biometria Salvador<\/h3>\n<h4>Outras informa\u00e7\u00f5es e site<\/h4>\n<ul>\n<li>Mais informa\u00e7\u00f5es: <a href=\"http:\/\/www.tre-am.jus.br\" target=\"_blank\" rel=\"noopener noreferrer\">www.tre-am.jus.br<\/a><\/li>\n<\/ul>\n\n<div style=\"font-size: 0px; height: 0px; line-height: 0px; margin: 0; padding: 0; clear: both;\"><\/div>","protected":false},"excerpt":{"rendered":"<p>A biometria \u00e9 uma tecnologia que vem sendo adotada pela Justi\u00e7a Eleitoral desde 2008, para dar mais seguran\u00e7a \u00e0 identifica\u00e7\u00e3o do eleitor no momento da vota\u00e7\u00e3o. Por isso, alguns cart\u00f3rios eleitorais est\u00e3o realizando recadastramento biom\u00e9trico, para coleta de digitais, assinatura e foto do eleitor. Da\u00ed o nome \u201cbiometria\u201d &#8211; porque ser\u00e3o coletados e armazenados dados f\u00edsicos do eleitor. Saiba mais sobre o\u00a0Biometria Manaus. &nbsp; A biometria pode ser de dois tipos: \u00a0&#8211; Extraordin\u00e1ria \u2013 todos os eleitores s\u00e3o obrigados a comparecer ao cart\u00f3rio eleitoral ou unidade de atendimento, no prazo estabelecido pelo Tribunal Regional Eleitoral, para fazer o recadastramento biom\u00e9trico, <\/p>\n","protected":false},"author":1,"featured_media":0,"parent":0,"menu_order":0,"comment_status":"closed","ping_status":"closed","template":"","meta":{"footnotes":""},"class_list":["post-2534","page","type-page","status-publish","hentry"],"aioseo_notices":[],"_links":{"self":[{"href":"https:\/\/www.encontramanausam.com.br\/sobre\/wp-json\/wp\/v2\/pages\/2534","targetHints":{"allow":["GET"]}}],"collection":[{"href":"https:\/\/www.encontramanausam.com.br\/sobre\/wp-json\/wp\/v2\/pages"}],"about":[{"href":"https:\/\/www.encontramanausam.com.br\/sobre\/wp-json\/wp\/v2\/types\/page"}],"author":[{"embeddable":true,"href":"https:\/\/www.encontramanausam.com.br\/sobre\/wp-json\/wp\/v2\/users\/1"}],"replies":[{"embeddable":true,"href":"https:\/\/www.encontramanausam.com.br\/sobre\/wp-json\/wp\/v2\/comments?post=2534"}],"version-history":[{"count":2,"href":"https:\/\/www.encontramanausam.com.br\/sobre\/wp-json\/wp\/v2\/pages\/2534\/revisions"}],"predecessor-version":[{"id":2587,"href":"https:\/\/www.encontramanausam.com.br\/sobre\/wp-json\/wp\/v2\/pages\/2534\/revisions\/2587"}],"wp:attachment":[{"href":"https:\/\/www.encontramanausam.com.br\/sobre\/wp-json\/wp\/v2\/media?parent=2534"}],"curies":[{"name":"wp","href":"https:\/\/api.w.org\/{rel}","templated":true}]}}