{"id":251,"date":"2017-12-12T11:07:27","date_gmt":"2017-12-12T14:07:27","guid":{"rendered":"http:\/\/www.encontramanausam.com.br\/sobre\/?page_id=251"},"modified":"2019-04-01T22:35:10","modified_gmt":"2019-04-02T01:35:10","slug":"ciee-manaus","status":"publish","type":"page","link":"https:\/\/www.encontramanausam.com.br\/sobre\/ciee-manaus\/","title":{"rendered":"Ciee Manaus"},"content":{"rendered":"<div class=\"882fdd0d88065009358e99f1a9406c55\" data-index=\"1\" style=\"float: none; margin:0px;\">\n<script async src=\"https:\/\/pagead2.googlesyndication.com\/pagead\/js\/adsbygoogle.js?client=ca-pub-8585364105181520\"\r\n     crossorigin=\"anonymous\"><\/script>\r\n<!-- Anuncio display - global -->\r\n<ins class=\"adsbygoogle\"\r\n     style=\"display:block\"\r\n     data-ad-client=\"ca-pub-8585364105181520\"\r\n     data-ad-slot=\"8789329856\"\r\n     data-ad-format=\"auto\"\r\n     data-full-width-responsive=\"true\"><\/ins>\r\n<script>\r\n     (adsbygoogle = window.adsbygoogle || []).push({});\r\n<\/script>\n<\/div>\n<p>O Centro de Integra\u00e7\u00e3o Empresa-Escola (CIEE) \u00e9 uma institui\u00e7\u00e3o filantr\u00f3pica, mantida pelo empresariado nacional, de assist\u00eancia social, sem finalidades lucrativas, que trabalha em prol da juventude estudantil brasileira.<\/p>\n<p>O maior objetivo do<strong> CIEE Manaus<\/strong> \u00e9 encontrar para os estudantes de n\u00edvel m\u00e9dio, t\u00e9cnico e superior oportunidades de est\u00e1gio ou aprendizado, que os auxiliem a colocar em pr\u00e1tica tudo o que aprenderam na teoria.<\/p>\n<p><img loading=\"lazy\" decoding=\"async\" class=\"aligncenter wp-image-252 size-full\" title=\"Ciee Manaus\" src=\"http:\/\/www.encontramanausam.com.br\/sobre\/wp-content\/uploads\/2017\/12\/ciee-manaus.jpg\" alt=\"Ciee Manaus\" width=\"680\" height=\"189\" srcset=\"https:\/\/www.encontramanausam.com.br\/sobre\/wp-content\/uploads\/2017\/12\/ciee-manaus.jpg 680w, https:\/\/www.encontramanausam.com.br\/sobre\/wp-content\/uploads\/2017\/12\/ciee-manaus-300x83.jpg 300w\" sizes=\"auto, (max-width: 680px) 100vw, 680px\" \/><\/p>\n<h2>Ciee Cadastro Manaus<\/h2>\n<p>O Portal CIEE pode ser acessado por todos os internautas, entretanto, alguns ambientes s\u00e3o restritos apenas para <em>cadastrados<\/em>.<\/p>\n<p>O <em>cadastramento<\/em> deve ser realizado conforme perfil do internauta: visitante, estagi\u00e1rio, estudantes com interesse em programas de est\u00e1gio, adolescente aprendiz, cursos, oficinas de capacita\u00e7\u00e3o, palestras, entre outros.<\/p>\n<p>No site do CIEE voc\u00ea iniciar\u00e1 a primeira etapa de seu <em>cadastro<\/em>, indicando no mapa o Estado em que reside e perfil adequado.<\/p>\n<p>Empresas e escolas que desejarem fazer parceiras com o CIEE, tamb\u00e9m devem iniciar o relacionamento atrav\u00e9s do site.<\/p>\n<h3>Ciee Manaus Vagas e Est\u00e1gio<\/h3>\n<p>Para encontrar e se cadastrar para concorrer a uma <em>vaga<\/em> de emprego no CIEE Manaus voc\u00ea deve acessar o <em>portal de vagas<\/em> no site do CIEE e se cadastrar. Ap\u00f3s a cria\u00e7\u00e3o do seu login e senha voc\u00ea ter\u00e1 acesso ao banco de vagas do CIEE e poder\u00e1 cadastrar seu <em>curr\u00edculo<\/em> e concorrer a <em>vagas de emprego<\/em>.<\/p>\n<h3>Ciee Manaus Menor Aprendiz<\/h3>\n<p>Ingressar no mercado de trabalho em tempos de crise \u00e9 sempre dif\u00edcil. Entretanto, existem oportunidades como a de <span style=\"text-decoration: underline;\">menor aprendiz<\/span>, que pode ser a porta de entrada para a vida profissional.<\/p>\n<p>As empresas que contratam <span style=\"text-decoration: underline;\">menores aprendizes<\/span> t\u00eam, por obriga\u00e7\u00e3o, pagar metade de um sal\u00e1rio m\u00ednimo. A legisla\u00e7\u00e3o determina que m\u00e9dias e grandes empresas devem contratar de 5 a 15% de pessoas que possam ser inseridas no programa de <span style=\"text-decoration: underline;\">menor aprendiz<\/span>. Eles s\u00e3o mais de cem mil em todo o Brasil e, no Amazonas, s\u00e3o cinco mil participantes do programa.<\/p>\n<p>Os jovens participantes do programa <span style=\"text-decoration: underline;\">Jovem Aprendiz<\/span> ir\u00e3o receber, no final do curso, um Certificado de Aprendizagem Profissional, que dever\u00e1 ser anexado ao curr\u00edculo do jovem para que ele encontre maior facilidade no seguimento da vida profissional.<\/p>\n<p>O jovem dever\u00e1 estar na faixa et\u00e1ria dos 14 aos 24 anos, al\u00e9m de estar cursando o Ensino Fundamental ou o Ensino M\u00e9dio. Os jovens que j\u00e1 tiverem conclu\u00eddo o ensino m\u00e9dio dever\u00e3o apresentar o comprovante fornecido pela escola.<\/p>\n<h3>Hor\u00e1rio de Funcionamento Ciee Manaus<\/h3>\n<ul>\n<li>Segunda a sexta das 8h \u00e0s 17h<\/li>\n<\/ul>\n<h3>Onde Fica, Endere\u00e7o e Telefone Ciee Manaus<\/h3>\n<ul>\n<li>R. Jo\u00e3o Alfredo, 453 &#8211; S\u00e3o Geraldo &#8211; Manaus &#8211; AM<\/li>\n<li>Telefone: (92) 2101-4257<\/li>\n<\/ul>\n<h4>Outras informa\u00e7\u00f5es e site<\/h4>\n<ul>\n<li>Mais informa\u00e7\u00f5es:\u00a0<a href=\"http:\/\/www.ciee.org.br\" target=\"_blank\" rel=\"noopener noreferrer\">www.ciee.org.br<\/a><\/li>\n<\/ul>\n<h4>Mapa de localiza\u00e7\u00e3o<\/h4>\n<a class=\"wp-colorbox-iframe\" href=\"https:\/\/www.google.com\/maps\/embed?pb=!1m14!1m8!1m3!1d15935.741782426127!2d-60.0243487!3d-3.1117826!3m2!1i1024!2i768!4f13.1!3m3!1m2!1s0x00x8061f4ba3fa4e257!2sCentro+de+Integrao+Empresa+Escola!5e0!3m2!1spt-BR!2sbr!4v1513042592538\"><img decoding=\"async\" src=\"http:\/\/www.encontrabelohorizonte.com.br\/imgs\/maps-post.png\"><\/a>\n\n<div style=\"font-size: 0px; height: 0px; line-height: 0px; margin: 0; padding: 0; clear: both;\"><\/div>","protected":false},"excerpt":{"rendered":"<p>O Centro de Integra\u00e7\u00e3o Empresa-Escola (CIEE) \u00e9 uma institui\u00e7\u00e3o filantr\u00f3pica, mantida pelo empresariado nacional, de assist\u00eancia social, sem finalidades lucrativas, que trabalha em prol da juventude estudantil brasileira. O maior objetivo do CIEE Manaus \u00e9 encontrar para os estudantes de n\u00edvel m\u00e9dio, t\u00e9cnico e superior oportunidades de est\u00e1gio ou aprendizado, que os auxiliem a colocar em pr\u00e1tica tudo o que aprenderam na teoria. Ciee Cadastro Manaus O Portal CIEE pode ser acessado por todos os internautas, entretanto, alguns ambientes s\u00e3o restritos apenas para cadastrados. O cadastramento deve ser realizado conforme perfil do internauta: visitante, estagi\u00e1rio, estudantes com interesse em programas <\/p>\n","protected":false},"author":1,"featured_media":0,"parent":0,"menu_order":0,"comment_status":"closed","ping_status":"closed","template":"","meta":{"footnotes":""},"class_list":["post-251","page","type-page","status-publish","hentry"],"aioseo_notices":[],"_links":{"self":[{"href":"https:\/\/www.encontramanausam.com.br\/sobre\/wp-json\/wp\/v2\/pages\/251","targetHints":{"allow":["GET"]}}],"collection":[{"href":"https:\/\/www.encontramanausam.com.br\/sobre\/wp-json\/wp\/v2\/pages"}],"about":[{"href":"https:\/\/www.encontramanausam.com.br\/sobre\/wp-json\/wp\/v2\/types\/page"}],"author":[{"embeddable":true,"href":"https:\/\/www.encontramanausam.com.br\/sobre\/wp-json\/wp\/v2\/users\/1"}],"replies":[{"embeddable":true,"href":"https:\/\/www.encontramanausam.com.br\/sobre\/wp-json\/wp\/v2\/comments?post=251"}],"version-history":[{"count":6,"href":"https:\/\/www.encontramanausam.com.br\/sobre\/wp-json\/wp\/v2\/pages\/251\/revisions"}],"predecessor-version":[{"id":3449,"href":"https:\/\/www.encontramanausam.com.br\/sobre\/wp-json\/wp\/v2\/pages\/251\/revisions\/3449"}],"wp:attachment":[{"href":"https:\/\/www.encontramanausam.com.br\/sobre\/wp-json\/wp\/v2\/media?parent=251"}],"curies":[{"name":"wp","href":"https:\/\/api.w.org\/{rel}","templated":true}]}}