{"id":2223,"date":"2018-08-24T18:00:35","date_gmt":"2018-08-24T21:00:35","guid":{"rendered":"http:\/\/www.encontramanausam.com.br\/sobre\/?page_id=2223"},"modified":"2019-04-17T16:03:15","modified_gmt":"2019-04-17T19:03:15","slug":"arena-manaus","status":"publish","type":"page","link":"https:\/\/www.encontramanausam.com.br\/sobre\/arena-manaus\/","title":{"rendered":"Arena Manaus"},"content":{"rendered":"<div class=\"882fdd0d88065009358e99f1a9406c55\" data-index=\"1\" style=\"float: none; margin:0px;\">\n<script async src=\"https:\/\/pagead2.googlesyndication.com\/pagead\/js\/adsbygoogle.js?client=ca-pub-8585364105181520\"\r\n     crossorigin=\"anonymous\"><\/script>\r\n<!-- Anuncio display - global -->\r\n<ins class=\"adsbygoogle\"\r\n     style=\"display:block\"\r\n     data-ad-client=\"ca-pub-8585364105181520\"\r\n     data-ad-slot=\"8789329856\"\r\n     data-ad-format=\"auto\"\r\n     data-full-width-responsive=\"true\"><\/ins>\r\n<script>\r\n     (adsbygoogle = window.adsbygoogle || []).push({});\r\n<\/script>\n<\/div>\n<p>A Arena da Amaz\u00f4nia\u00a0&#8211; Vivaldo Lima, ou simplesmente<strong> Arena Manaus<\/strong>, \u00e9 um est\u00e1dio de futebol localizado na cidade de Manaus, capital do Amazonas, mesmo local antes ocupado pelo Est\u00e1dio Vivaldo Lima.<\/p>\n<p>A homenagem ao velho entusiasta do esporte amazonense, Vivaldo Lima, que havia no nome do est\u00e1dio anterior, foi mantida no nome do est\u00e1dio &#8220;Arena da Amaz\u00f4nia \u2014 Vivaldo Lima&#8221; para preservar a hist\u00f3ria do futebol local (Lei 3.966 de 9 de dezembro de 2013 publicada no Di\u00e1rio Oficial do Estado do Amazonas).<\/p>\n<p><img loading=\"lazy\" decoding=\"async\" class=\"aligncenter wp-image-2226 size-full\" title=\"Arena Manaus\" src=\"http:\/\/www.encontramanausam.com.br\/sobre\/wp-content\/uploads\/2018\/08\/arena-manaus.jpg\" alt=\"Arena Manaus\" width=\"680\" height=\"189\" srcset=\"https:\/\/www.encontramanausam.com.br\/sobre\/wp-content\/uploads\/2018\/08\/arena-manaus.jpg 680w, https:\/\/www.encontramanausam.com.br\/sobre\/wp-content\/uploads\/2018\/08\/arena-manaus-300x83.jpg 300w\" sizes=\"auto, (max-width: 680px) 100vw, 680px\" \/><\/p>\n<p>O est\u00e1dio constru\u00eddo para ser utilizado como uma das 12 sedes da Copa do Mundo FIFA de 2014 e foi inaugurado em 9 de mar\u00e7o de 2014. O arquiteto autor de seu projeto \u00e9 Ralf Amann do escrit\u00f3rio alem\u00e3o GMP.<\/p>\n<p>O custo de sua constru\u00e7\u00e3o foi dividido em 25% para o Governo Estadual do Amazonas e 75% ao BNDES. A empreiteira Andrade Gutierrez foi a vencedora da licita\u00e7\u00e3o para a constru\u00e7\u00e3o.<\/p>\n<p>Em fevereiro de 2015, o est\u00e1dio foi eleito o &#8220;2\u00ba melhor est\u00e1dio do ano de 2014&#8221; pelo site ingl\u00eas \u201cStadium DataBase\u201d em uma enquete realizada por um j\u00fari selecionado pelo pr\u00f3prio site.<\/p>\n<h2>Arena Manaus Visita\u00e7\u00e3o<\/h2>\n<ul>\n<li><span style=\"text-decoration: underline;\">Visita Programada<\/span>:<br \/>\nExclusiva para grupos acima de 20 pessoas, inclusive aos domingos.<br \/>\nContato: visitearenadaamazonia@fvo.am.gov.br<br \/>\nTelefone: (92) 3238-4974.<\/li>\n<\/ul>\n<ul>\n<li><span style=\"text-decoration: underline;\">Visita Guiada<\/span>:<br \/>\nDe ter\u00e7a-feira a s\u00e1bado.<br \/>\nHor\u00e1rios: das 9h \u00e0s 12h, e das 14h \u00e0s 17h (fechamento dos port\u00f5es)<\/li>\n<\/ul>\n<p>Meia entrada garantida a estudantes com apresenta\u00e7\u00e3o de identifica\u00e7\u00e3o, e pessoas com defici\u00eancia.<br \/>\nIsen\u00e7\u00e3o garantida a guias de turismo e idosos, com apresenta\u00e7\u00e3o de identifica\u00e7\u00e3o.<\/p>\n<h3>Arena Manaus Programa\u00e7\u00e3o<\/h3>\n<p>Para informa\u00e7\u00f5es sobre\u00a0<em>programa\u00e7\u00e3o<\/em> entre em contato via telefone ou site.<\/p>\n<h3>Estrutura\u00a0Arena Manaus<\/h3>\n<p>O projeto do est\u00e1dio procurou uma solu\u00e7\u00e3o altamente eficiente e funcional, preenchendo todos os requisitos da FIFA e ainda provendo uma imagem muito caracter\u00edstica que pudesse refletir a identidade \u00fanica de Manaus e da Regi\u00e3o Amaz\u00f4nica. Inspirado na fascinante diversidade e formas da Floresta Amaz\u00f4nica, o projeto do est\u00e1dio foi desenvolvido de acordo com os conceitos mais avan\u00e7ados em arquitetura sustent\u00e1vel.<\/p>\n<p>O uso de tecnologias inovativas e conceitos como o reuso de \u00e1guas, resfriamento geot\u00e9rmico, uso de bioetanol e ventila\u00e7\u00e3o natural auxilia tanto na redu\u00e7\u00e3o dos consumos energ\u00e9ticos quanto no n\u00edvel das emiss\u00f5es.<\/p>\n<p>As arquibancadas, assim como o estacionamento no entorno, foram executados em concreto, em sua maioria utilizando-se elementos pr\u00e9-fabricados.<\/p>\n<p>A distinta cobertura \u00e9 constru\u00edda em a\u00e7o e concreto com aberturas que s\u00e3o revestidas com uma membrana. A estrutura diagonal r\u00edgida de a\u00e7o em balan\u00e7o, protege 100% dos assentos, com integra\u00e7\u00e3o total com a ilumina\u00e7\u00e3o de refletores. Possui aberturas com formas org\u00e2nicas em membrana transl\u00facida, possibilitando a ventila\u00e7\u00e3o natural. 2 tel\u00f5es em LED s\u00e3o suspensos da estrutura da cobertura.<\/p>\n<p>A Arena possui servi\u00e7o de alimenta\u00e7\u00e3o com restaurantes e quiosques para torcedores comuns e VIPs, lojas dentro e fora do est\u00e1dio e \u00e1reas VIP.<\/p>\n<h3>Hor\u00e1rio de Funcionamento Arena Manaus<\/h3>\n<ul>\n<li>Ter\u00e7a a s\u00e1bado das 9h \u00e0s 12h \u00e1s 17h<\/li>\n<\/ul>\n<h3>Onde Fica, Endere\u00e7o e Telefone Arena Manaus<\/h3>\n<ul>\n<li>Av. Constantino Nery, 5001 &#8211; Flores &#8211; Manaus &#8211; AM<\/li>\n<li>Telefone: (92) 3878-0950<\/li>\n<\/ul>\n<h4>Outras informa\u00e7\u00f5es e site<\/h4>\n<ul>\n<li>Mais informa\u00e7\u00f5es: <a href=\"http:\/\/www.fvo.am.gov.br\/\" target=\"_blank\" rel=\"noopener noreferrer\">www.fvo.am.gov.br<\/a><\/li>\n<\/ul>\n<h4>Mapa de localiza\u00e7\u00e3o<\/h4>\n<a class=\"wp-colorbox-iframe\" href=\"https:\/\/www.google.com\/maps\/embed?pb=!1m14!1m8!1m3!1d15936.171295475773!2d-60.0281392!3d-3.0832457!3m2!1i1024!2i768!4f13.1!3m3!1m2!1s0x00xe423f75d474a183a!2sArena+da+Amaznia!5e0!3m2!1spt-BR!2sbr!4v1534957193866\"><img decoding=\"async\" src=\"http:\/\/www.encontrabelohorizonte.com.br\/imgs\/maps-post.png\"><\/a>\n\n<div style=\"font-size: 0px; height: 0px; line-height: 0px; margin: 0; padding: 0; clear: both;\"><\/div>","protected":false},"excerpt":{"rendered":"<p>A Arena da Amaz\u00f4nia\u00a0&#8211; Vivaldo Lima, ou simplesmente Arena Manaus, \u00e9 um est\u00e1dio de futebol localizado na cidade de Manaus, capital do Amazonas, mesmo local antes ocupado pelo Est\u00e1dio Vivaldo Lima. A homenagem ao velho entusiasta do esporte amazonense, Vivaldo Lima, que havia no nome do est\u00e1dio anterior, foi mantida no nome do est\u00e1dio &#8220;Arena da Amaz\u00f4nia \u2014 Vivaldo Lima&#8221; para preservar a hist\u00f3ria do futebol local (Lei 3.966 de 9 de dezembro de 2013 publicada no Di\u00e1rio Oficial do Estado do Amazonas). O est\u00e1dio constru\u00eddo para ser utilizado como uma das 12 sedes da Copa do Mundo FIFA de <\/p>\n","protected":false},"author":1,"featured_media":0,"parent":0,"menu_order":0,"comment_status":"closed","ping_status":"closed","template":"","meta":{"footnotes":""},"class_list":["post-2223","page","type-page","status-publish","hentry"],"aioseo_notices":[],"_links":{"self":[{"href":"https:\/\/www.encontramanausam.com.br\/sobre\/wp-json\/wp\/v2\/pages\/2223","targetHints":{"allow":["GET"]}}],"collection":[{"href":"https:\/\/www.encontramanausam.com.br\/sobre\/wp-json\/wp\/v2\/pages"}],"about":[{"href":"https:\/\/www.encontramanausam.com.br\/sobre\/wp-json\/wp\/v2\/types\/page"}],"author":[{"embeddable":true,"href":"https:\/\/www.encontramanausam.com.br\/sobre\/wp-json\/wp\/v2\/users\/1"}],"replies":[{"embeddable":true,"href":"https:\/\/www.encontramanausam.com.br\/sobre\/wp-json\/wp\/v2\/comments?post=2223"}],"version-history":[{"count":5,"href":"https:\/\/www.encontramanausam.com.br\/sobre\/wp-json\/wp\/v2\/pages\/2223\/revisions"}],"predecessor-version":[{"id":4295,"href":"https:\/\/www.encontramanausam.com.br\/sobre\/wp-json\/wp\/v2\/pages\/2223\/revisions\/4295"}],"wp:attachment":[{"href":"https:\/\/www.encontramanausam.com.br\/sobre\/wp-json\/wp\/v2\/media?parent=2223"}],"curies":[{"name":"wp","href":"https:\/\/api.w.org\/{rel}","templated":true}]}}

<div class="882fdd0d88065009358e99f1a9406c55" data-index="1" style="float: none; margin:0px;">
<script async src="https://pagead2.googlesyndication.com/pagead/js/adsbygoogle.js?client=ca-pub-8585364105181520"
     crossorigin="anonymous"></script>
<!-- Anuncio display - global -->
<ins class="adsbygoogle"
     style="display:block"
     data-ad-client="ca-pub-8585364105181520"
     data-ad-slot="8789329856"
     data-ad-format="auto"
     data-full-width-responsive="true"></ins>
<script>
     (adsbygoogle = window.adsbygoogle || []).push({});
</script>
</div>
<p>A Arena da Amazônia &#8211; Vivaldo Lima, ou simplesmente<strong> Arena Manaus</strong>, é um estádio de futebol localizado na cidade de Manaus, capital do Amazonas, mesmo local antes ocupado pelo Estádio Vivaldo Lima.</p>
<p>A homenagem ao velho entusiasta do esporte amazonense, Vivaldo Lima, que havia no nome do estádio anterior, foi mantida no nome do estádio &#8220;Arena da Amazônia — Vivaldo Lima&#8221; para preservar a história do futebol local (Lei 3.966 de 9 de dezembro de 2013 publicada no Diário Oficial do Estado do Amazonas).</p>
<p><img loading="lazy" decoding="async" class="aligncenter wp-image-2226 size-full" title="Arena Manaus" src="http://www.encontramanausam.com.br/sobre/wp-content/uploads/2018/08/arena-manaus.jpg" alt="Arena Manaus" width="680" height="189" srcset="https://www.encontramanausam.com.br/sobre/wp-content/uploads/2018/08/arena-manaus.jpg 680w, https://www.encontramanausam.com.br/sobre/wp-content/uploads/2018/08/arena-manaus-300x83.jpg 300w" sizes="auto, (max-width: 680px) 100vw, 680px" /></p>
<p>O estádio construído para ser utilizado como uma das 12 sedes da Copa do Mundo FIFA de 2014 e foi inaugurado em 9 de março de 2014. O arquiteto autor de seu projeto é Ralf Amann do escritório alemão GMP.</p>
<p>O custo de sua construção foi dividido em 25% para o Governo Estadual do Amazonas e 75% ao BNDES. A empreiteira Andrade Gutierrez foi a vencedora da licitação para a construção.</p>
<p>Em fevereiro de 2015, o estádio foi eleito o &#8220;2º melhor estádio do ano de 2014&#8221; pelo site inglês “Stadium DataBase” em uma enquete realizada por um júri selecionado pelo próprio site.</p>
<h2>Arena Manaus Visitação</h2>
<ul>
<li><span style="text-decoration: underline;">Visita Programada</span>:<br />
Exclusiva para grupos acima de 20 pessoas, inclusive aos domingos.<br />
Contato: visitearenadaamazonia@fvo.am.gov.br<br />
Telefone: (92) 3238-4974.</li>
</ul>
<ul>
<li><span style="text-decoration: underline;">Visita Guiada</span>:<br />
De terça-feira a sábado.<br />
Horários: das 9h às 12h, e das 14h às 17h (fechamento dos portões)</li>
</ul>
<p>Meia entrada garantida a estudantes com apresentação de identificação, e pessoas com deficiência.<br />
Isenção garantida a guias de turismo e idosos, com apresentação de identificação.</p>
<h3>Arena Manaus Programação</h3>
<p>Para informações sobre <em>programação</em> entre em contato via telefone ou site.</p>
<h3>Estrutura Arena Manaus</h3>
<p>O projeto do estádio procurou uma solução altamente eficiente e funcional, preenchendo todos os requisitos da FIFA e ainda provendo uma imagem muito característica que pudesse refletir a identidade única de Manaus e da Região Amazônica. Inspirado na fascinante diversidade e formas da Floresta Amazônica, o projeto do estádio foi desenvolvido de acordo com os conceitos mais avançados em arquitetura sustentável.</p>
<p>O uso de tecnologias inovativas e conceitos como o reuso de águas, resfriamento geotérmico, uso de bioetanol e ventilação natural auxilia tanto na redução dos consumos energéticos quanto no nível das emissões.</p>
<p>As arquibancadas, assim como o estacionamento no entorno, foram executados em concreto, em sua maioria utilizando-se elementos pré-fabricados.</p>
<p>A distinta cobertura é construída em aço e concreto com aberturas que são revestidas com uma membrana. A estrutura diagonal rígida de aço em balanço, protege 100% dos assentos, com integração total com a iluminação de refletores. Possui aberturas com formas orgânicas em membrana translúcida, possibilitando a ventilação natural. 2 telões em LED são suspensos da estrutura da cobertura.</p>
<p>A Arena possui serviço de alimentação com restaurantes e quiosques para torcedores comuns e VIPs, lojas dentro e fora do estádio e áreas VIP.</p>
<h3>Horário de Funcionamento Arena Manaus</h3>
<ul>
<li>Terça a sábado das 9h às 12h ás 17h</li>
</ul>
<h3>Onde Fica, Endereço e Telefone Arena Manaus</h3>
<ul>
<li>Av. Constantino Nery, 5001 &#8211; Flores &#8211; Manaus &#8211; AM</li>
<li>Telefone: (92) 3878-0950</li>
</ul>
<h4>Outras informações e site</h4>
<ul>
<li>Mais informações: <a href="http://www.fvo.am.gov.br/" target="_blank" rel="noopener noreferrer">www.fvo.am.gov.br</a></li>
</ul>
<h4>Mapa de localização</h4>
<a class="wp-colorbox-iframe" href="https://www.google.com/maps/embed?pb=!1m14!1m8!1m3!1d15936.171295475773!2d-60.0281392!3d-3.0832457!3m2!1i1024!2i768!4f13.1!3m3!1m2!1s0x00xe423f75d474a183a!2sArena+da+Amaznia!5e0!3m2!1spt-BR!2sbr!4v1534957193866"><img decoding="async" src="http://www.encontrabelohorizonte.com.br/imgs/maps-post.png"></a>

<div style="font-size: 0px; height: 0px; line-height: 0px; margin: 0; padding: 0; clear: both;"></div>

<p>A Arena da Amazônia &#8211; Vivaldo Lima, ou simplesmente Arena Manaus, é um estádio de futebol localizado na cidade de Manaus, capital do Amazonas, mesmo local antes ocupado pelo Estádio Vivaldo Lima. A homenagem ao velho entusiasta do esporte amazonense, Vivaldo Lima, que havia no nome do estádio anterior, foi mantida no nome do estádio &#8220;Arena da Amazônia — Vivaldo Lima&#8221; para preservar a história do futebol local (Lei 3.966 de 9 de dezembro de 2013 publicada no Diário Oficial do Estado do Amazonas). O estádio construído para ser utilizado como uma das 12 sedes da Copa do Mundo FIFA de </p>
