{"id":2050,"date":"2018-07-16T22:37:04","date_gmt":"2018-07-17T01:37:04","guid":{"rendered":"http:\/\/www.encontramanausam.com.br\/sobre\/?page_id=2050"},"modified":"2019-04-17T13:41:20","modified_gmt":"2019-04-17T16:41:20","slug":"iphan-manaus","status":"publish","type":"page","link":"https:\/\/www.encontramanausam.com.br\/sobre\/iphan-manaus\/","title":{"rendered":"Iphan Manaus"},"content":{"rendered":"<div class=\"882fdd0d88065009358e99f1a9406c55\" data-index=\"1\" style=\"float: none; margin:0px;\">\n<script async src=\"https:\/\/pagead2.googlesyndication.com\/pagead\/js\/adsbygoogle.js?client=ca-pub-8585364105181520\"\r\n     crossorigin=\"anonymous\"><\/script>\r\n<!-- Anuncio display - global -->\r\n<ins class=\"adsbygoogle\"\r\n     style=\"display:block\"\r\n     data-ad-client=\"ca-pub-8585364105181520\"\r\n     data-ad-slot=\"8789329856\"\r\n     data-ad-format=\"auto\"\r\n     data-full-width-responsive=\"true\"><\/ins>\r\n<script>\r\n     (adsbygoogle = window.adsbygoogle || []).push({});\r\n<\/script>\n<\/div>\n<p>O Instituto do Patrim\u00f4nio Hist\u00f3rico e Art\u00edstico Nacional (<strong>Iphan Manaus<\/strong>) \u00e9 uma autarquia federal vinculada ao Minist\u00e9rio da Cultura que responde pela preserva\u00e7\u00e3o do Patrim\u00f4nio Cultural Brasileiro.<\/p>\n<p>Cabe ao Iphan proteger e promover os bens culturais do Pa\u00eds, assegurando sua perman\u00eancia e usufruto para as gera\u00e7\u00f5es presentes e futuras.<\/p>\n<p><img loading=\"lazy\" decoding=\"async\" class=\"aligncenter wp-image-2052 size-full\" title=\"Iphan Manaus\" src=\"http:\/\/www.encontramanausam.com.br\/sobre\/wp-content\/uploads\/2018\/07\/iphan-manaus.jpg\" alt=\"Iphan Manaus\" width=\"680\" height=\"189\" srcset=\"https:\/\/www.encontramanausam.com.br\/sobre\/wp-content\/uploads\/2018\/07\/iphan-manaus.jpg 680w, https:\/\/www.encontramanausam.com.br\/sobre\/wp-content\/uploads\/2018\/07\/iphan-manaus-300x83.jpg 300w\" sizes=\"auto, (max-width: 680px) 100vw, 680px\" \/><\/p>\n<p>O Iphan possui 27 Superintend\u00eancias (uma em cada Unidade Federativa); 28 Escrit\u00f3rios T\u00e9cnicos, a maioria deles localizados em cidades que s\u00e3o conjuntos urbanos tombados, as chamadas Cidades Hist\u00f3ricas; e, ainda, cinco Unidades Especiais, sendo quatro delas no Rio de Janeiro: Centro Lucio Costa, S\u00edtio Roberto Burle Marx, Pa\u00e7o Imperial e Centro Nacional do Folclore e Cultura Popular; e, uma em Bras\u00edlia, o Centro Nacional de Arqueologia.<\/p>\n<p>O Iphan tamb\u00e9m responde pela conserva\u00e7\u00e3o, salvaguarda e monitoramento dos bens culturais brasileiros inscritos na Lista do Patrim\u00f4nio Mundial e na Lista o Patrim\u00f4nio Cultural Imaterial da Humanidade, conforme conven\u00e7\u00f5es da Unesco, respectivamente, a Conven\u00e7\u00e3o do Patrim\u00f4nio Mundial de 1972 e a Conven\u00e7\u00e3o do Patrim\u00f4nio Cultural Imaterial de 2003.<\/p>\n<p><strong>Hist\u00f3rico<\/strong><\/p>\n<p>Desde a cria\u00e7\u00e3o do Instituto, em 13 de janeiro de 1937, por meio da Lei n\u00ba 378, assinada pelo ent\u00e3o presidente Get\u00falio Vargas, os conceitos que orientam a atua\u00e7\u00e3o do Instituto t\u00eam evolu\u00eddo, mantendo sempre rela\u00e7\u00e3o com os marcos legais. A Constitui\u00e7\u00e3o Brasileira de 1988, em seu artigo 216, define o patrim\u00f4nio cultural como formas de express\u00e3o, modos de criar, fazer e viver.<\/p>\n<p>Tamb\u00e9m s\u00e3o assim reconhecidas as cria\u00e7\u00f5es cient\u00edficas, art\u00edsticas e tecnol\u00f3gicas; as obras, objetos, documentos, edifica\u00e7\u00f5es e demais espa\u00e7os destinados \u00e0s manifesta\u00e7\u00f5es art\u00edstico-culturais; e, ainda, os conjuntos urbanos e s\u00edtios de valor hist\u00f3rico, paisag\u00edstico, art\u00edstico, arqueol\u00f3gico, paleontol\u00f3gico, ecol\u00f3gico e cient\u00edfico.<\/p>\n<p>Nos artigos 215 e 216, a Constitui\u00e7\u00e3o reconhece a exist\u00eancia de bens culturais de natureza material e imaterial, al\u00e9m de estabelecer as formas de preserva\u00e7\u00e3o desse patrim\u00f4nio: o registro, o invent\u00e1rio e o tombamento.<\/p>\n<p>O Iphan n\u00e3o est\u00e1 alheio aos princ\u00edpios que regem, desde os anos 1990, a nova gest\u00e3o p\u00fablica brasileira e conduz suas a\u00e7\u00f5es sobre princ\u00edpios do planejamento com eixos na efic\u00e1cia, efici\u00eancia, foco nos resultados, converg\u00eancia organizacional entre dire\u00e7\u00e3o e corpo de funcion\u00e1rios e prestadores de servi\u00e7os, controle e presta\u00e7\u00e3o de contas. Para tanto, o Instituto adotou novas tecnologias de gest\u00e3o que otimizam a prote\u00e7\u00e3o e o acesso do cidad\u00e3o ao Patrim\u00f4nio Cultural Brasileiro.<\/p>\n<p>A Carta de Servi\u00e7os ao Cidad\u00e3o \u00e9 um dos instrumentos de gest\u00e3o que fortalece a transpar\u00eancia e o controle social por meio da divulga\u00e7\u00e3o dos servi\u00e7os que a organiza\u00e7\u00e3o presta ao cidad\u00e3o e \u00e0 sociedade. Lan\u00e7ada em junho de 2014, os servi\u00e7os descritos na Carta obtiveram, em novembro do mesmo ano, um \u00cdndice de Satisfa\u00e7\u00e3o de 60,1%, segundo pesquisa realizada pela Universidade Federal Fluminense (UFF).<\/p>\n<p>A pesquisa contou com 1.818 participantes de oito regi\u00f5es metropolitanas e 11 cidades hist\u00f3ricas, al\u00e9m dos parceiros internacionais (Col\u00f4mbia, Bol\u00edvia, Cabo Verde); a Divis\u00e3o de Assuntos Pol\u00edticos, Institucionais, Jur\u00eddicos e Sociais do Mercosul (DMS) e a Divis\u00e3o de Acordos e Assuntos Multilaterais Culturais (Damc) do Itamaraty; a Diretoria de Rela\u00e7\u00f5es Internacionais (DRI) do Minist\u00e9rio da Cultura e a Ag\u00eancia Brasileira de Coopera\u00e7\u00e3o (ABC).<\/p>\n<p>Por meio do Sistema de Gest\u00e3o de Planejamento Estrat\u00e9gico (Geplanes), o Instituto monitora o desempenho dos objetivos estrat\u00e9gicos, al\u00e9m de acompanhar os resultados, emitir relat\u00f3rios gerenciais, gr\u00e1ficos de gest\u00e3o e sinalizar os ajustes e mudan\u00e7as necess\u00e1rias para consecu\u00e7\u00e3o de seus projetos. Essa ferramenta contribui tamb\u00e9m para o alinhamento, coes\u00e3o no desdobramento e operacionaliza\u00e7\u00e3o do Mapa Estrat\u00e9gico do Iphan em todas as unidades da organiza\u00e7\u00e3o.<\/p>\n<p>A Gest\u00e3o por Processos Organizacionais \u00e9 outra ferramenta utilizada pelo Instituto e permite otimizar e dar efici\u00eancia ao uso dos recursos, atuando de modo preventivo e incorporando os requisitos dos cidad\u00e3os aos processos. Esta forma de gest\u00e3o permite ainda a busca cont\u00ednua da solu\u00e7\u00e3o de problemas e da melhoria do desempenho da organiza\u00e7\u00e3o. Desde 2014, um Escrit\u00f3rio de Processos institu\u00eddo para implantar este procedimento, j\u00e1 mapeou e padronizou 147 processos a partir da Cadeia de Valor.<\/p>\n<p>Tamb\u00e9m usada pelo Iphan, a Gest\u00e3o por Compet\u00eancia visa minimizar lacunas para alcan\u00e7ar os objetivos estrat\u00e9gicos, al\u00e9m de promover a\u00e7\u00f5es de desenvolvimento para os servidores e garantir a efici\u00eancia e efic\u00e1cia dos servi\u00e7os prestados ao cidad\u00e3o. O projeto de gest\u00e3o por compet\u00eancias est\u00e1 em processo de implanta\u00e7\u00e3o desde o in\u00edcio de 2015, apoiado pela Universidade Federal do Par\u00e1 (UFPA).<\/p>\n<h2>Iphan Manaus Concurso<\/h2>\n<p>Para informa\u00e7\u00f5es sobre <em>concurso<\/em>, acesse o site.<\/p>\n<h3>Hor\u00e1rio de Funcionamento Iphan Manaus<\/h3>\n<ul>\n<li>Segunda a sexta das 8h \u00e1s 17h<\/li>\n<\/ul>\n<h3>Onde Fica, Endere\u00e7o e Telefone Iphan Manaus<\/h3>\n<ul>\n<li>Travessa Vivaldo Lima, 13 &#8211; Centro &#8211; Manaus &#8211; AM<\/li>\n<li>Telefone: (92) 3633-2822<\/li>\n<\/ul>\n<h4>Outras informa\u00e7\u00f5es e site<\/h4>\n<ul>\n<li>Mais informa\u00e7\u00f5es: <a href=\"http:\/\/portal.iphan.gov.br\/\" target=\"_blank\" rel=\"noopener noreferrer\">www.portal.iphan.gov.br<\/a><\/li>\n<\/ul>\n<h4>Mapa de localiza\u00e7\u00e3o<\/h4>\n<a class=\"wp-colorbox-iframe\" href=\"https:\/\/www.google.com\/maps\/embed?pb=!1m14!1m8!1m3!1d15935.381871919795!2d-60.028233!3d-3.1354953!3m2!1i1024!2i768!4f13.1!3m3!1m2!1s0x00x7de0cad89ff957e2!2sInstituto+do+Patrimnio+Histrico+e+Artstico+Nacional!5e0!3m2!1spt-BR!2sbr!4v1531749685085\"><img decoding=\"async\" src=\"http:\/\/www.encontrabelohorizonte.com.br\/imgs\/maps-post.png\"><\/a>\n\n<div style=\"font-size: 0px; height: 0px; line-height: 0px; margin: 0; padding: 0; clear: both;\"><\/div>","protected":false},"excerpt":{"rendered":"<p>O Instituto do Patrim\u00f4nio Hist\u00f3rico e Art\u00edstico Nacional (Iphan Manaus) \u00e9 uma autarquia federal vinculada ao Minist\u00e9rio da Cultura que responde pela preserva\u00e7\u00e3o do Patrim\u00f4nio Cultural Brasileiro. Cabe ao Iphan proteger e promover os bens culturais do Pa\u00eds, assegurando sua perman\u00eancia e usufruto para as gera\u00e7\u00f5es presentes e futuras. O Iphan possui 27 Superintend\u00eancias (uma em cada Unidade Federativa); 28 Escrit\u00f3rios T\u00e9cnicos, a maioria deles localizados em cidades que s\u00e3o conjuntos urbanos tombados, as chamadas Cidades Hist\u00f3ricas; e, ainda, cinco Unidades Especiais, sendo quatro delas no Rio de Janeiro: Centro Lucio Costa, S\u00edtio Roberto Burle Marx, Pa\u00e7o Imperial e Centro <\/p>\n","protected":false},"author":1,"featured_media":0,"parent":0,"menu_order":0,"comment_status":"closed","ping_status":"closed","template":"","meta":{"footnotes":""},"class_list":["post-2050","page","type-page","status-publish","hentry"],"aioseo_notices":[],"_links":{"self":[{"href":"https:\/\/www.encontramanausam.com.br\/sobre\/wp-json\/wp\/v2\/pages\/2050","targetHints":{"allow":["GET"]}}],"collection":[{"href":"https:\/\/www.encontramanausam.com.br\/sobre\/wp-json\/wp\/v2\/pages"}],"about":[{"href":"https:\/\/www.encontramanausam.com.br\/sobre\/wp-json\/wp\/v2\/types\/page"}],"author":[{"embeddable":true,"href":"https:\/\/www.encontramanausam.com.br\/sobre\/wp-json\/wp\/v2\/users\/1"}],"replies":[{"embeddable":true,"href":"https:\/\/www.encontramanausam.com.br\/sobre\/wp-json\/wp\/v2\/comments?post=2050"}],"version-history":[{"count":3,"href":"https:\/\/www.encontramanausam.com.br\/sobre\/wp-json\/wp\/v2\/pages\/2050\/revisions"}],"predecessor-version":[{"id":4210,"href":"https:\/\/www.encontramanausam.com.br\/sobre\/wp-json\/wp\/v2\/pages\/2050\/revisions\/4210"}],"wp:attachment":[{"href":"https:\/\/www.encontramanausam.com.br\/sobre\/wp-json\/wp\/v2\/media?parent=2050"}],"curies":[{"name":"wp","href":"https:\/\/api.w.org\/{rel}","templated":true}]}}