{"id":191,"date":"2017-12-11T15:23:19","date_gmt":"2017-12-11T18:23:19","guid":{"rendered":"http:\/\/www.encontramanausam.com.br\/sobre\/?page_id=191"},"modified":"2019-04-01T22:18:53","modified_gmt":"2019-04-02T01:18:53","slug":"detran-manaus","status":"publish","type":"page","link":"https:\/\/www.encontramanausam.com.br\/sobre\/detran-manaus\/","title":{"rendered":"Detran Manaus"},"content":{"rendered":"<div class=\"882fdd0d88065009358e99f1a9406c55\" data-index=\"1\" style=\"float: none; margin:0px;\">\n<script async src=\"https:\/\/pagead2.googlesyndication.com\/pagead\/js\/adsbygoogle.js?client=ca-pub-8585364105181520\"\r\n     crossorigin=\"anonymous\"><\/script>\r\n<!-- Anuncio display - global -->\r\n<ins class=\"adsbygoogle\"\r\n     style=\"display:block\"\r\n     data-ad-client=\"ca-pub-8585364105181520\"\r\n     data-ad-slot=\"8789329856\"\r\n     data-ad-format=\"auto\"\r\n     data-full-width-responsive=\"true\"><\/ins>\r\n<script>\r\n     (adsbygoogle = window.adsbygoogle || []).push({});\r\n<\/script>\n<\/div>\n<p>O Detran (Departamento Estadual de Tr\u00e2nsito) \u00e9 um \u00f3rg\u00e3o que tem como fun\u00e7\u00e3o, administrar e fiscalizar o tr\u00e2nsito de ve\u00edculos assim como a forma\u00e7\u00e3o de seus condutores.<\/p>\n<p>O <strong>Detran Manaus<\/strong> realiza licenciamento de ve\u00edculos, bem como o registro, instala\u00e7\u00e3o e selagem de placas, isso \u00e9 feito para facilitar a identifica\u00e7\u00e3o do autom\u00f3vel e regularizar sua situa\u00e7\u00e3o, possibilitando a circula\u00e7\u00e3o em vias p\u00fablicas.<\/p>\n<p><img loading=\"lazy\" decoding=\"async\" class=\"aligncenter wp-image-193 size-full\" title=\"Detran Manaus\" src=\"http:\/\/www.encontramanausam.com.br\/sobre\/wp-content\/uploads\/2017\/12\/detran-manaus.jpg\" alt=\"Detran Manaus\" width=\"680\" height=\"189\" srcset=\"https:\/\/www.encontramanausam.com.br\/sobre\/wp-content\/uploads\/2017\/12\/detran-manaus.jpg 680w, https:\/\/www.encontramanausam.com.br\/sobre\/wp-content\/uploads\/2017\/12\/detran-manaus-300x83.jpg 300w\" sizes=\"auto, (max-width: 680px) 100vw, 680px\" \/><\/p>\n<h2>Detran Manaus Resultado Exame Dire\u00e7\u00e3o<\/h2>\n<p>Acesse o site, v\u00e1 no menu Habilita\u00e7\u00e3o \/ <em>Resultado de exames<\/em> e Cursos\/ <em>Resultado de Exames<\/em> e Cursos(CNH) e preencha os dados: CPF, Renach, Protocolo do processo e o c\u00f3digo de verifica\u00e7\u00e3o<\/p>\n<h3>Detran Manaus Ipva<\/h3>\n<p>O DETRAN recolhe taxas dos motoristas que s\u00e3o o <span style=\"text-decoration: underline;\">IPVA<\/span> e o seguro DPVAT. O <span style=\"text-decoration: underline;\">IPVA<\/span> (Imposto sobre a Propriedade de Ve\u00edculos Automotores), que \u00e9 um imposto estadual, tem como objetivo arrecadar verbas ao Governo, para realizar obras p\u00fablicas e servi\u00e7os \u00e0 popula\u00e7\u00e3o de forma geral, sem estar necessariamente vinculados a melhorias no tr\u00e2nsito.<\/p>\n<p>O<span style=\"text-decoration: underline;\"> IPVA<\/span> \u00e9 obrigat\u00f3rio, caso o condutor n\u00e3o realize seu pagamento, n\u00e3o poder\u00e1 fazer o licenciamento de seu ve\u00edculo e correr\u00e1 o risco de ter seu autom\u00f3vel apreendido. Para evitar constrangimento e problemas futuros, sempre verifique a data de pagamento de seu IPVA e pague na data prevista.<\/p>\n<p>O pagamento do DPVAT (Seguro de Danos Pessoais Causados por Ve\u00edculos Automotores de Vias Terrestres) \u00e9 um seguro obrigat\u00f3rio que \u00e9 pago anualmente junto com a primeira parcela do<span style=\"text-decoration: underline;\"> IPVA<\/span>, ou na Cota \u00danica. Ele garante a indeniza\u00e7\u00e3o em caso de acidente de tr\u00e2nsito que resulte em morte ou invalidez permanente e o reembolso de despesas m\u00e9dicas e hospitalares devidamente comprovadas.<\/p>\n<h3>Detran Manaus Licenciamento<\/h3>\n<p>O DETRAN realiza <em>licenciamento<\/em> de ve\u00edculos , bem como o registro, instala\u00e7\u00e3o e selagem de placas, isso \u00e9 feito para facilitar a identifica\u00e7\u00e3o do autom\u00f3vel e regularizar sua situa\u00e7\u00e3o, possibilitando a circula\u00e7\u00e3o em vias p\u00fablicas.<\/p>\n<p>Quem desejar realizar o <em>licenciamento<\/em> antecipado pode fazer isso sem ajuda de um despachante. Na rede banc\u00e1ria o propriet\u00e1rio deve informar o RENAVAM e a placa do ve\u00edculo para obter o valor completo para fazer o <em>licenciamento.<\/em> Para que a entrega seja feita pelos Correios \u00e9 fundamental que o propriet\u00e1rio tenha pago a taxa no momento do <em>licenciamento<\/em> antecipado na rede banc\u00e1ria.<\/p>\n<p>No <em>licenciamento<\/em> antecipado s\u00e3o cobrados os seguintes encargos: IPVA (Imposto sobre a Propriedade de Ve\u00edculos Automotores), seguro DPVAT, taxa de<em> licenciamento,<\/em> eventuais multas e a taxa de envio do documento pelos Correios.<\/p>\n<h3>Detran Manaus Multas<\/h3>\n<p>O propriet\u00e1rio de ve\u00edculo pode consultar a exist\u00eancia ou a situa\u00e7\u00e3o de autos de infra\u00e7\u00f5es, <span style=\"text-decoration: underline;\">multas<\/span>, impedimentos, restri\u00e7\u00f5es financeiras e licenciamentos.<\/p>\n<p>Para realizar a consulta preencha o formul\u00e1rio eletr\u00f4nico no site do Detran com o n\u00famero do chassi e placa do ve\u00edculo, constantes no Certificado de Registro de Licenciamento de Ve\u00edculo (CRLV).<\/p>\n<h3>Hor\u00e1rio de Funcionamento Detran Manaus<\/h3>\n<ul>\n<li>Segunda a sexta das 8h \u00e0s 14h<\/li>\n<\/ul>\n<h3>Onde Fica, Endere\u00e7o e Telefone Detran Manaus<\/h3>\n<ul>\n<li>Av. M\u00e1rio Ypiranga, 1800 &#8211; Adrian\u00f3polis &#8211; Manaus &#8211; AM<\/li>\n<li>Telefone: (92) 3642-3355<\/li>\n<\/ul>\n<h4>Outras informa\u00e7\u00f5es e site<\/h4>\n<ul>\n<li>Mais informa\u00e7\u00f5es:\u00a0<a href=\"http:\/\/www.detran.am.gov.br\" target=\"_blank\" rel=\"noopener noreferrer\">www.detran.am.gov.br<\/a><\/li>\n<\/ul>\n<h4>Mapa de localiza\u00e7\u00e3o<\/h4>\n<a class=\"wp-colorbox-iframe\" href=\"https:\/\/www.google.com\/maps\/embed?pb=!1m14!1m8!1m3!1d15936.02021787291!2d-60.0132625!3d-3.0933133!3m2!1i1024!2i768!4f13.1!3m3!1m2!1s0x00xb726ae9aac94affa!2sDetran-AM!5e0!3m2!1spt-BR!2sbr!4v1513015555428\"><img decoding=\"async\" src=\"http:\/\/www.encontrabelohorizonte.com.br\/imgs\/maps-post.png\"><\/a>\n\n<div style=\"font-size: 0px; height: 0px; line-height: 0px; margin: 0; padding: 0; clear: both;\"><\/div>","protected":false},"excerpt":{"rendered":"<p>O Detran (Departamento Estadual de Tr\u00e2nsito) \u00e9 um \u00f3rg\u00e3o que tem como fun\u00e7\u00e3o, administrar e fiscalizar o tr\u00e2nsito de ve\u00edculos assim como a forma\u00e7\u00e3o de seus condutores. O Detran Manaus realiza licenciamento de ve\u00edculos, bem como o registro, instala\u00e7\u00e3o e selagem de placas, isso \u00e9 feito para facilitar a identifica\u00e7\u00e3o do autom\u00f3vel e regularizar sua situa\u00e7\u00e3o, possibilitando a circula\u00e7\u00e3o em vias p\u00fablicas. Detran Manaus Resultado Exame Dire\u00e7\u00e3o Acesse o site, v\u00e1 no menu Habilita\u00e7\u00e3o \/ Resultado de exames e Cursos\/ Resultado de Exames e Cursos(CNH) e preencha os dados: CPF, Renach, Protocolo do processo e o c\u00f3digo de verifica\u00e7\u00e3o Detran <\/p>\n","protected":false},"author":1,"featured_media":0,"parent":0,"menu_order":0,"comment_status":"closed","ping_status":"closed","template":"","meta":{"footnotes":""},"class_list":["post-191","page","type-page","status-publish","hentry"],"aioseo_notices":[],"_links":{"self":[{"href":"https:\/\/www.encontramanausam.com.br\/sobre\/wp-json\/wp\/v2\/pages\/191","targetHints":{"allow":["GET"]}}],"collection":[{"href":"https:\/\/www.encontramanausam.com.br\/sobre\/wp-json\/wp\/v2\/pages"}],"about":[{"href":"https:\/\/www.encontramanausam.com.br\/sobre\/wp-json\/wp\/v2\/types\/page"}],"author":[{"embeddable":true,"href":"https:\/\/www.encontramanausam.com.br\/sobre\/wp-json\/wp\/v2\/users\/1"}],"replies":[{"embeddable":true,"href":"https:\/\/www.encontramanausam.com.br\/sobre\/wp-json\/wp\/v2\/comments?post=191"}],"version-history":[{"count":5,"href":"https:\/\/www.encontramanausam.com.br\/sobre\/wp-json\/wp\/v2\/pages\/191\/revisions"}],"predecessor-version":[{"id":3439,"href":"https:\/\/www.encontramanausam.com.br\/sobre\/wp-json\/wp\/v2\/pages\/191\/revisions\/3439"}],"wp:attachment":[{"href":"https:\/\/www.encontramanausam.com.br\/sobre\/wp-json\/wp\/v2\/media?parent=191"}],"curies":[{"name":"wp","href":"https:\/\/api.w.org\/{rel}","templated":true}]}}