{"id":1435,"date":"2018-02-15T10:14:57","date_gmt":"2018-02-15T13:14:57","guid":{"rendered":"http:\/\/www.encontramanausam.com.br\/sobre\/?page_id=1435"},"modified":"2019-04-10T22:46:47","modified_gmt":"2019-04-11T01:46:47","slug":"cecon-manaus","status":"publish","type":"page","link":"https:\/\/www.encontramanausam.com.br\/sobre\/cecon-manaus\/","title":{"rendered":"Cecon Manaus"},"content":{"rendered":"<div class=\"882fdd0d88065009358e99f1a9406c55\" data-index=\"1\" style=\"float: none; margin:0px;\">\n<script async src=\"https:\/\/pagead2.googlesyndication.com\/pagead\/js\/adsbygoogle.js?client=ca-pub-8585364105181520\"\r\n     crossorigin=\"anonymous\"><\/script>\r\n<!-- Anuncio display - global -->\r\n<ins class=\"adsbygoogle\"\r\n     style=\"display:block\"\r\n     data-ad-client=\"ca-pub-8585364105181520\"\r\n     data-ad-slot=\"8789329856\"\r\n     data-ad-format=\"auto\"\r\n     data-full-width-responsive=\"true\"><\/ins>\r\n<script>\r\n     (adsbygoogle = window.adsbygoogle || []).push({});\r\n<\/script>\n<\/div>\n<p>Fundada em 1974, como Centro de Oncologia (<strong>Cecon Manaus<\/strong>), a unidade hospitalar foi transformada, em 1989, em Funda\u00e7\u00e3o Centro de Controle de Oncologia do Estado do Amazonas (FCECON),.<\/p>\n<p>Hoje est\u00e1 prestes a completar 40 anos, reunindo diversas especialidades m\u00e9dicas e os principais tratamentos oncol\u00f3gicos, fator que consolidou a institui\u00e7\u00e3o como refer\u00eancia no diagn\u00f3stico e tratamento do c\u00e2ncer em toda a Amaz\u00f4nia Ocidental.<\/p>\n<p><img loading=\"lazy\" decoding=\"async\" class=\"aligncenter wp-image-1436 size-full\" title=\"Cecon Manaus\" src=\"http:\/\/www.encontramanausam.com.br\/sobre\/wp-content\/uploads\/2018\/02\/cecon-manaus.jpg\" alt=\"Cecon Manaus\" width=\"680\" height=\"189\" srcset=\"https:\/\/www.encontramanausam.com.br\/sobre\/wp-content\/uploads\/2018\/02\/cecon-manaus.jpg 680w, https:\/\/www.encontramanausam.com.br\/sobre\/wp-content\/uploads\/2018\/02\/cecon-manaus-300x83.jpg 300w\" sizes=\"auto, (max-width: 680px) 100vw, 680px\" \/><\/p>\n<p>Al\u00e9m do renomado corpo cl\u00ednico, a Funda\u00e7\u00e3o tamb\u00e9m se destaca pelas a\u00e7\u00f5es desenvolvidas nas \u00e1reas de Preven\u00e7\u00e3o e Ensino e Pesquisa, as quais foram ampliadas significativamente, nos \u00faltimos anos, com o aumento do n\u00famero de campanhas de combate \u00e0 doen\u00e7a e pesquisas envolvendo acad\u00eamicos e doutores, fortalecendo a \u00e1rea cient\u00edfica no Estado.<\/p>\n<p>Na assist\u00eancia, a institui\u00e7\u00e3o tem capacitado periodicamente sua equipe, que inclui m\u00e9dicos, enfermeiros, t\u00e9cnicos de enfermagem, de radiologia e de radioterapia, a partir de cursos, palestras e atividades desenvolvidas nas depend\u00eancias da FCecon, al\u00e9m de apostar em a\u00e7\u00f5es voltadas \u00e0 humaniza\u00e7\u00e3o.<\/p>\n<h2>Cecon Manaus Congresso<\/h2>\n<p>O <em>CONGRESSO<\/em> PAN-AMAZ\u00d4NICO DE ONCOLOGIA\u00a0 \u00e9 uma iniciativa da Funda\u00e7\u00e3o Centro de Controle de Oncologia do Estado do Amazonas \u2013 FCECON que tem atuado no fomento da discuss\u00e3o e aprimoramento t\u00e9cnico dos profissionais que atuam na \u00e1rea da sa\u00fade especialmente na assist\u00eancia ao paciente oncol\u00f3gico.<\/p>\n<p>Este <em>congresso<\/em> tem periodicidade Bienal e teve sua primeira edi\u00e7\u00e3o em 2011. Tem como caracter\u00edstica e multidisciplinaridade, a apresenta\u00e7\u00e3o de trabalhos cient\u00edficos ligados e oncol\u00f3gico, assim como a participa\u00e7\u00e3o de empresas expondo produtos e servi\u00e7os revolucionando a \u00e1rea de sa\u00fade.<\/p>\n<h3>Cecon Manaus Trabalhe Conosco<\/h3>\n<p>Se voc\u00ea quer fazer parte da <span style=\"text-decoration: underline;\">equipe<\/span> da Cecon Manaus entre em contato via site ou telefone para informa\u00e7\u00f5es de como enviar o seu <span style=\"text-decoration: underline;\">curr\u00edculo.<\/span><\/p>\n<h3>Hor\u00e1rio de Funcionamento Cecon Manaus<\/h3>\n<p>Cada setor tem um hor\u00e1rio diferenciado.<br \/>\nAcesse o site\u00a0para informa\u00e7\u00f5es.<\/p>\n<h3>Onde Fica, Endere\u00e7o e Telefone Cecon Manaus<\/h3>\n<ul>\n<li>R. Francisco Orellana, 215 &#8211; Dom Pedro &#8211; Manaus &#8211; AM<\/li>\n<li>Telefone: (92) 3655-4600<\/li>\n<\/ul>\n<h4>Outras informa\u00e7\u00f5es e site<\/h4>\n<ul>\n<li>Mais informa\u00e7\u00f5es:\u00a0<a href=\"http:\/\/www.fcecon.am.gov.br\/\" target=\"_blank\" rel=\"noopener noreferrer\">www.fcecon.am.gov.br\/<\/a><\/li>\n<\/ul>\n<h4>Mapa de localiza\u00e7\u00e3o<\/h4>\n<a class=\"wp-colorbox-iframe\" href=\"https:\/\/www.google.com\/maps\/embed?pb=!1m14!1m8!1m3!1d15936.159675567018!2d-60.0442603!3d-3.0840212!3m2!1i1024!2i768!4f13.1!3m3!1m2!1s0x00x29be18d8cd047b4b!2sFundao+Centro+de+Controle+de+Oncologia+do+Estado+do+Amazonas!5e0!3m2!1spt-BR!2sbr!4v1518695689602\"><img decoding=\"async\" src=\"http:\/\/www.encontrabelohorizonte.com.br\/imgs\/maps-post.png\"><\/a>\n\n<div style=\"font-size: 0px; height: 0px; line-height: 0px; margin: 0; padding: 0; clear: both;\"><\/div>","protected":false},"excerpt":{"rendered":"<p>Fundada em 1974, como Centro de Oncologia (Cecon Manaus), a unidade hospitalar foi transformada, em 1989, em Funda\u00e7\u00e3o Centro de Controle de Oncologia do Estado do Amazonas (FCECON),. Hoje est\u00e1 prestes a completar 40 anos, reunindo diversas especialidades m\u00e9dicas e os principais tratamentos oncol\u00f3gicos, fator que consolidou a institui\u00e7\u00e3o como refer\u00eancia no diagn\u00f3stico e tratamento do c\u00e2ncer em toda a Amaz\u00f4nia Ocidental. Al\u00e9m do renomado corpo cl\u00ednico, a Funda\u00e7\u00e3o tamb\u00e9m se destaca pelas a\u00e7\u00f5es desenvolvidas nas \u00e1reas de Preven\u00e7\u00e3o e Ensino e Pesquisa, as quais foram ampliadas significativamente, nos \u00faltimos anos, com o aumento do n\u00famero de campanhas de combate <\/p>\n","protected":false},"author":1,"featured_media":0,"parent":0,"menu_order":0,"comment_status":"closed","ping_status":"closed","template":"","meta":{"footnotes":""},"class_list":["post-1435","page","type-page","status-publish","hentry"],"aioseo_notices":[],"_links":{"self":[{"href":"https:\/\/www.encontramanausam.com.br\/sobre\/wp-json\/wp\/v2\/pages\/1435","targetHints":{"allow":["GET"]}}],"collection":[{"href":"https:\/\/www.encontramanausam.com.br\/sobre\/wp-json\/wp\/v2\/pages"}],"about":[{"href":"https:\/\/www.encontramanausam.com.br\/sobre\/wp-json\/wp\/v2\/types\/page"}],"author":[{"embeddable":true,"href":"https:\/\/www.encontramanausam.com.br\/sobre\/wp-json\/wp\/v2\/users\/1"}],"replies":[{"embeddable":true,"href":"https:\/\/www.encontramanausam.com.br\/sobre\/wp-json\/wp\/v2\/comments?post=1435"}],"version-history":[{"count":5,"href":"https:\/\/www.encontramanausam.com.br\/sobre\/wp-json\/wp\/v2\/pages\/1435\/revisions"}],"predecessor-version":[{"id":3878,"href":"https:\/\/www.encontramanausam.com.br\/sobre\/wp-json\/wp\/v2\/pages\/1435\/revisions\/3878"}],"wp:attachment":[{"href":"https:\/\/www.encontramanausam.com.br\/sobre\/wp-json\/wp\/v2\/media?parent=1435"}],"curies":[{"name":"wp","href":"https:\/\/api.w.org\/{rel}","templated":true}]}}

<div class="882fdd0d88065009358e99f1a9406c55" data-index="1" style="float: none; margin:0px;">
<script async src="https://pagead2.googlesyndication.com/pagead/js/adsbygoogle.js?client=ca-pub-8585364105181520"
     crossorigin="anonymous"></script>
<!-- Anuncio display - global -->
<ins class="adsbygoogle"
     style="display:block"
     data-ad-client="ca-pub-8585364105181520"
     data-ad-slot="8789329856"
     data-ad-format="auto"
     data-full-width-responsive="true"></ins>
<script>
     (adsbygoogle = window.adsbygoogle || []).push({});
</script>
</div>
<p>Fundada em 1974, como Centro de Oncologia (<strong>Cecon Manaus</strong>), a unidade hospitalar foi transformada, em 1989, em Fundação Centro de Controle de Oncologia do Estado do Amazonas (FCECON),.</p>
<p>Hoje está prestes a completar 40 anos, reunindo diversas especialidades médicas e os principais tratamentos oncológicos, fator que consolidou a instituição como referência no diagnóstico e tratamento do câncer em toda a Amazônia Ocidental.</p>
<p><img loading="lazy" decoding="async" class="aligncenter wp-image-1436 size-full" title="Cecon Manaus" src="http://www.encontramanausam.com.br/sobre/wp-content/uploads/2018/02/cecon-manaus.jpg" alt="Cecon Manaus" width="680" height="189" srcset="https://www.encontramanausam.com.br/sobre/wp-content/uploads/2018/02/cecon-manaus.jpg 680w, https://www.encontramanausam.com.br/sobre/wp-content/uploads/2018/02/cecon-manaus-300x83.jpg 300w" sizes="auto, (max-width: 680px) 100vw, 680px" /></p>
<p>Além do renomado corpo clínico, a Fundação também se destaca pelas ações desenvolvidas nas áreas de Prevenção e Ensino e Pesquisa, as quais foram ampliadas significativamente, nos últimos anos, com o aumento do número de campanhas de combate à doença e pesquisas envolvendo acadêmicos e doutores, fortalecendo a área científica no Estado.</p>
<p>Na assistência, a instituição tem capacitado periodicamente sua equipe, que inclui médicos, enfermeiros, técnicos de enfermagem, de radiologia e de radioterapia, a partir de cursos, palestras e atividades desenvolvidas nas dependências da FCecon, além de apostar em ações voltadas à humanização.</p>
<h2>Cecon Manaus Congresso</h2>
<p>O <em>CONGRESSO</em> PAN-AMAZÔNICO DE ONCOLOGIA  é uma iniciativa da Fundação Centro de Controle de Oncologia do Estado do Amazonas – FCECON que tem atuado no fomento da discussão e aprimoramento técnico dos profissionais que atuam na área da saúde especialmente na assistência ao paciente oncológico.</p>
<p>Este <em>congresso</em> tem periodicidade Bienal e teve sua primeira edição em 2011. Tem como característica e multidisciplinaridade, a apresentação de trabalhos científicos ligados e oncológico, assim como a participação de empresas expondo produtos e serviços revolucionando a área de saúde.</p>
<h3>Cecon Manaus Trabalhe Conosco</h3>
<p>Se você quer fazer parte da <span style="text-decoration: underline;">equipe</span> da Cecon Manaus entre em contato via site ou telefone para informações de como enviar o seu <span style="text-decoration: underline;">currículo.</span></p>
<h3>Horário de Funcionamento Cecon Manaus</h3>
<p>Cada setor tem um horário diferenciado.<br />
Acesse o site para informações.</p>
<h3>Onde Fica, Endereço e Telefone Cecon Manaus</h3>
<ul>
<li>R. Francisco Orellana, 215 &#8211; Dom Pedro &#8211; Manaus &#8211; AM</li>
<li>Telefone: (92) 3655-4600</li>
</ul>
<h4>Outras informações e site</h4>
<ul>
<li>Mais informações: <a href="http://www.fcecon.am.gov.br/" target="_blank" rel="noopener noreferrer">www.fcecon.am.gov.br/</a></li>
</ul>
<h4>Mapa de localização</h4>
<a class="wp-colorbox-iframe" href="https://www.google.com/maps/embed?pb=!1m14!1m8!1m3!1d15936.159675567018!2d-60.0442603!3d-3.0840212!3m2!1i1024!2i768!4f13.1!3m3!1m2!1s0x00x29be18d8cd047b4b!2sFundao+Centro+de+Controle+de+Oncologia+do+Estado+do+Amazonas!5e0!3m2!1spt-BR!2sbr!4v1518695689602"><img decoding="async" src="http://www.encontrabelohorizonte.com.br/imgs/maps-post.png"></a>

<div style="font-size: 0px; height: 0px; line-height: 0px; margin: 0; padding: 0; clear: both;"></div>

<p>Fundada em 1974, como Centro de Oncologia (Cecon Manaus), a unidade hospitalar foi transformada, em 1989, em Fundação Centro de Controle de Oncologia do Estado do Amazonas (FCECON),. Hoje está prestes a completar 40 anos, reunindo diversas especialidades médicas e os principais tratamentos oncológicos, fator que consolidou a instituição como referência no diagnóstico e tratamento do câncer em toda a Amazônia Ocidental. Além do renomado corpo clínico, a Fundação também se destaca pelas ações desenvolvidas nas áreas de Prevenção e Ensino e Pesquisa, as quais foram ampliadas significativamente, nos últimos anos, com o aumento do número de campanhas de combate </p>
