{"id":1427,"date":"2018-02-15T09:56:51","date_gmt":"2018-02-15T12:56:51","guid":{"rendered":"http:\/\/www.encontramanausam.com.br\/sobre\/?page_id=1427"},"modified":"2019-04-10T22:48:27","modified_gmt":"2019-04-11T01:48:27","slug":"cartorio-rtd-manaus","status":"publish","type":"page","link":"https:\/\/www.encontramanausam.com.br\/sobre\/cartorio-rtd-manaus\/","title":{"rendered":"Cart\u00f3rio Rtd Manaus"},"content":{"rendered":"<div class=\"882fdd0d88065009358e99f1a9406c55\" data-index=\"1\" style=\"float: none; margin:0px;\">\n<script async src=\"https:\/\/pagead2.googlesyndication.com\/pagead\/js\/adsbygoogle.js?client=ca-pub-8585364105181520\"\r\n     crossorigin=\"anonymous\"><\/script>\r\n<!-- Anuncio display - global -->\r\n<ins class=\"adsbygoogle\"\r\n     style=\"display:block\"\r\n     data-ad-client=\"ca-pub-8585364105181520\"\r\n     data-ad-slot=\"8789329856\"\r\n     data-ad-format=\"auto\"\r\n     data-full-width-responsive=\"true\"><\/ins>\r\n<script>\r\n     (adsbygoogle = window.adsbygoogle || []).push({});\r\n<\/script>\n<\/div>\n<p>O Of\u00edcio de Registro de T\u00edtulos e Documentos e Civil de Pessoas Jur\u00eddicas de Manaus-AM iniciou suas atividade em 11\/09\/1903, tem como t\u00edtular Maria da Concei\u00e7\u00e3o Castro Lopes e substituto Ana Maria Loureiro de Lucena.<\/p>\n<p>O <strong>Cart\u00f3rio Rtd Manaus<\/strong> tem como \u00e1rea de abrang\u00eancia o Munic\u00edpio de Manaus. E possu\u00ed as seguintes atribui\u00e7\u00f5es: Registro de T\u00edtulos e Documentos, Registro Civil de Pessoas Jur\u00eddicas.<\/p>\n<p><img loading=\"lazy\" decoding=\"async\" class=\"aligncenter wp-image-1428 size-full\" title=\"Cart\u00f3rio Rtd Manaus\" src=\"http:\/\/www.encontramanausam.com.br\/sobre\/wp-content\/uploads\/2018\/02\/cartorio-rtd-manaus.jpg\" alt=\"Cart\u00f3rio Rtd Manaus\" width=\"680\" height=\"189\" srcset=\"https:\/\/www.encontramanausam.com.br\/sobre\/wp-content\/uploads\/2018\/02\/cartorio-rtd-manaus.jpg 680w, https:\/\/www.encontramanausam.com.br\/sobre\/wp-content\/uploads\/2018\/02\/cartorio-rtd-manaus-300x83.jpg 300w\" sizes=\"auto, (max-width: 680px) 100vw, 680px\" \/><\/p>\n<h3>Cart\u00f3rio Rtd Manaus Trabalhe Conosco<\/h3>\n<p>Para aqueles que almejam <em>trabalhar<\/em> em uma empresa que preza por realizar servi\u00e7os da mais alta qualidade, e que zela por seus colaboradores e profissionalismo sempre, estes profissionais devem <em>trabalhar<\/em> no Cart\u00f3rio Rtd Manaus, acesse o site para enviar seu <span style=\"text-decoration: underline;\">curr\u00edculo<\/span>.<\/p>\n<h3>Hor\u00e1rio de Funcionamento Cart\u00f3rio Rtd Manaus<\/h3>\n<ul>\n<li>Segunda a sexta das 9h \u00e0s 15h<\/li>\n<\/ul>\n<h3>Endere\u00e7o e Telefone Cart\u00f3rio Rtd Manaus<\/h3>\n<ul>\n<li>Av. Get\u00falio Vargas, 1149 &#8211; Centro &#8211; Manaus &#8211; AM<\/li>\n<li>Telefone: (92) 3233-3779<\/li>\n<\/ul>\n<h4>Outras informa\u00e7\u00f5es: Site e CNPJ<\/h4>\n<ul>\n<li>Mais informa\u00e7\u00f5es:\u00a0<a href=\"http:\/\/www.rtdmanaus.com.br\/\" target=\"_blank\" rel=\"noopener noreferrer\">www.rtdmanaus.com.br<\/a><\/li>\n<li>CNPJ: 04.536.546\/0001-12<\/li>\n<\/ul>\n<h4>Mapa de localiza\u00e7\u00e3o<\/h4>\n<a class=\"wp-colorbox-iframe\" href=\"https:\/\/www.google.com\/maps\/embed?pb=!1m14!1m8!1m3!1d15935.542869452018!2d-60.0209659!3d-3.1249102!3m2!1i1024!2i768!4f13.1!3m3!1m2!1s0x00x8e82a9ae85f056f5!2sCartrio+RTD!5e0!3m2!1spt-BR!2sbr!4v1518699767263\"><img decoding=\"async\" src=\"http:\/\/www.encontrabelohorizonte.com.br\/imgs\/maps-post.png\"><\/a>\n\n<div style=\"font-size: 0px; height: 0px; line-height: 0px; margin: 0; padding: 0; clear: both;\"><\/div>","protected":false},"excerpt":{"rendered":"<p>O Of\u00edcio de Registro de T\u00edtulos e Documentos e Civil de Pessoas Jur\u00eddicas de Manaus-AM iniciou suas atividade em 11\/09\/1903, tem como t\u00edtular Maria da Concei\u00e7\u00e3o Castro Lopes e substituto Ana Maria Loureiro de Lucena. O Cart\u00f3rio Rtd Manaus tem como \u00e1rea de abrang\u00eancia o Munic\u00edpio de Manaus. E possu\u00ed as seguintes atribui\u00e7\u00f5es: Registro de T\u00edtulos e Documentos, Registro Civil de Pessoas Jur\u00eddicas. Cart\u00f3rio Rtd Manaus Trabalhe Conosco Para aqueles que almejam trabalhar em uma empresa que preza por realizar servi\u00e7os da mais alta qualidade, e que zela por seus colaboradores e profissionalismo sempre, estes profissionais devem trabalhar no Cart\u00f3rio <\/p>\n","protected":false},"author":1,"featured_media":0,"parent":0,"menu_order":0,"comment_status":"closed","ping_status":"closed","template":"","meta":{"footnotes":""},"class_list":["post-1427","page","type-page","status-publish","hentry"],"aioseo_notices":[],"_links":{"self":[{"href":"https:\/\/www.encontramanausam.com.br\/sobre\/wp-json\/wp\/v2\/pages\/1427","targetHints":{"allow":["GET"]}}],"collection":[{"href":"https:\/\/www.encontramanausam.com.br\/sobre\/wp-json\/wp\/v2\/pages"}],"about":[{"href":"https:\/\/www.encontramanausam.com.br\/sobre\/wp-json\/wp\/v2\/types\/page"}],"author":[{"embeddable":true,"href":"https:\/\/www.encontramanausam.com.br\/sobre\/wp-json\/wp\/v2\/users\/1"}],"replies":[{"embeddable":true,"href":"https:\/\/www.encontramanausam.com.br\/sobre\/wp-json\/wp\/v2\/comments?post=1427"}],"version-history":[{"count":8,"href":"https:\/\/www.encontramanausam.com.br\/sobre\/wp-json\/wp\/v2\/pages\/1427\/revisions"}],"predecessor-version":[{"id":1432,"href":"https:\/\/www.encontramanausam.com.br\/sobre\/wp-json\/wp\/v2\/pages\/1427\/revisions\/1432"}],"wp:attachment":[{"href":"https:\/\/www.encontramanausam.com.br\/sobre\/wp-json\/wp\/v2\/media?parent=1427"}],"curies":[{"name":"wp","href":"https:\/\/api.w.org\/{rel}","templated":true}]}}

Cartório Rtd Manaus

<div class="882fdd0d88065009358e99f1a9406c55" data-index="1" style="float: none; margin:0px;">
<script async src="https://pagead2.googlesyndication.com/pagead/js/adsbygoogle.js?client=ca-pub-8585364105181520"
     crossorigin="anonymous"></script>
<!-- Anuncio display - global -->
<ins class="adsbygoogle"
     style="display:block"
     data-ad-client="ca-pub-8585364105181520"
     data-ad-slot="8789329856"
     data-ad-format="auto"
     data-full-width-responsive="true"></ins>
<script>
     (adsbygoogle = window.adsbygoogle || []).push({});
</script>
</div>
<p>O Ofício de Registro de Títulos e Documentos e Civil de Pessoas Jurídicas de Manaus-AM iniciou suas atividade em 11/09/1903, tem como títular Maria da Conceição Castro Lopes e substituto Ana Maria Loureiro de Lucena.</p>
<p>O <strong>Cartório Rtd Manaus</strong> tem como área de abrangência o Município de Manaus. E possuí as seguintes atribuições: Registro de Títulos e Documentos, Registro Civil de Pessoas Jurídicas.</p>
<p><img loading="lazy" decoding="async" class="aligncenter wp-image-1428 size-full" title="Cartório Rtd Manaus" src="http://www.encontramanausam.com.br/sobre/wp-content/uploads/2018/02/cartorio-rtd-manaus.jpg" alt="Cartório Rtd Manaus" width="680" height="189" srcset="https://www.encontramanausam.com.br/sobre/wp-content/uploads/2018/02/cartorio-rtd-manaus.jpg 680w, https://www.encontramanausam.com.br/sobre/wp-content/uploads/2018/02/cartorio-rtd-manaus-300x83.jpg 300w" sizes="auto, (max-width: 680px) 100vw, 680px" /></p>
<h3>Cartório Rtd Manaus Trabalhe Conosco</h3>
<p>Para aqueles que almejam <em>trabalhar</em> em uma empresa que preza por realizar serviços da mais alta qualidade, e que zela por seus colaboradores e profissionalismo sempre, estes profissionais devem <em>trabalhar</em> no Cartório Rtd Manaus, acesse o site para enviar seu <span style="text-decoration: underline;">currículo</span>.</p>
<h3>Horário de Funcionamento Cartório Rtd Manaus</h3>
<ul>
<li>Segunda a sexta das 9h às 15h</li>
</ul>
<h3>Endereço e Telefone Cartório Rtd Manaus</h3>
<ul>
<li>Av. Getúlio Vargas, 1149 &#8211; Centro &#8211; Manaus &#8211; AM</li>
<li>Telefone: (92) 3233-3779</li>
</ul>
<h4>Outras informações: Site e CNPJ</h4>
<ul>
<li>Mais informações: <a href="http://www.rtdmanaus.com.br/" target="_blank" rel="noopener noreferrer">www.rtdmanaus.com.br</a></li>
<li>CNPJ: 04.536.546/0001-12</li>
</ul>
<h4>Mapa de localização</h4>
<a class="wp-colorbox-iframe" href="https://www.google.com/maps/embed?pb=!1m14!1m8!1m3!1d15935.542869452018!2d-60.0209659!3d-3.1249102!3m2!1i1024!2i768!4f13.1!3m3!1m2!1s0x00x8e82a9ae85f056f5!2sCartrio+RTD!5e0!3m2!1spt-BR!2sbr!4v1518699767263"><img decoding="async" src="http://www.encontrabelohorizonte.com.br/imgs/maps-post.png"></a>

<div style="font-size: 0px; height: 0px; line-height: 0px; margin: 0; padding: 0; clear: both;"></div>

<p>O Ofício de Registro de Títulos e Documentos e Civil de Pessoas Jurídicas de Manaus-AM iniciou suas atividade em 11/09/1903, tem como títular Maria da Conceição Castro Lopes e substituto Ana Maria Loureiro de Lucena. O Cartório Rtd Manaus tem como área de abrangência o Município de Manaus. E possuí as seguintes atribuições: Registro de Títulos e Documentos, Registro Civil de Pessoas Jurídicas. Cartório Rtd Manaus Trabalhe Conosco Para aqueles que almejam trabalhar em uma empresa que preza por realizar serviços da mais alta qualidade, e que zela por seus colaboradores e profissionalismo sempre, estes profissionais devem trabalhar no Cartório </p>
