{"id":1417,"date":"2018-02-15T09:31:31","date_gmt":"2018-02-15T12:31:31","guid":{"rendered":"http:\/\/www.encontramanausam.com.br\/sobre\/?page_id=1417"},"modified":"2019-04-10T22:57:53","modified_gmt":"2019-04-11T01:57:53","slug":"imed-manaus","status":"publish","type":"page","link":"https:\/\/www.encontramanausam.com.br\/sobre\/imed-manaus\/","title":{"rendered":"Imed Manaus"},"content":{"rendered":"<div class=\"882fdd0d88065009358e99f1a9406c55\" data-index=\"1\" style=\"float: none; margin:0px;\">\n<script async src=\"https:\/\/pagead2.googlesyndication.com\/pagead\/js\/adsbygoogle.js?client=ca-pub-8585364105181520\"\r\n     crossorigin=\"anonymous\"><\/script>\r\n<!-- Anuncio display - global -->\r\n<ins class=\"adsbygoogle\"\r\n     style=\"display:block\"\r\n     data-ad-client=\"ca-pub-8585364105181520\"\r\n     data-ad-slot=\"8789329856\"\r\n     data-ad-format=\"auto\"\r\n     data-full-width-responsive=\"true\"><\/ins>\r\n<script>\r\n     (adsbygoogle = window.adsbygoogle || []).push({});\r\n<\/script>\n<\/div>\n<p>O Instituto de Medicina, Estudos e Desenvolvimento (Imed) \u00e9 uma organiza\u00e7\u00e3o social sem fins lucrativos que se destaca na presta\u00e7\u00e3o de servi\u00e7os e benfeitorias destinados \u00e0 popula\u00e7\u00e3o.<\/p>\n<p>O<strong> Imed Manaus<\/strong> atua com excel\u00eancia no desenvolvimento de projetos que proporcionem bem-estar, sa\u00fade, cidadania e dignidade \u00e0s pessoas.<\/p>\n<p><img loading=\"lazy\" decoding=\"async\" class=\"aligncenter wp-image-1418 size-full\" title=\"Imed Manaus\" src=\"http:\/\/www.encontramanausam.com.br\/sobre\/wp-content\/uploads\/2018\/02\/imed-manaus.jpg\" alt=\"Imed Manaus\" width=\"680\" height=\"189\" srcset=\"https:\/\/www.encontramanausam.com.br\/sobre\/wp-content\/uploads\/2018\/02\/imed-manaus.jpg 680w, https:\/\/www.encontramanausam.com.br\/sobre\/wp-content\/uploads\/2018\/02\/imed-manaus-300x83.jpg 300w\" sizes=\"auto, (max-width: 680px) 100vw, 680px\" \/><\/p>\n<p>O trabalho \u00e9 guiado pela busca de uma sociedade mais justa e harmoniosa, pautado por conceitos como humaniza\u00e7\u00e3o e \u00e9tica e pelo atendimento sem distin\u00e7\u00f5es ou classifica\u00e7\u00f5es.<\/p>\n<p>O Instituto n\u00e3o mede esfor\u00e7os para propiciar melhorias em seu ambiente de trabalho e incrementar performances com o \u00fanico objetivo de proporcionar servi\u00e7os de grande qualidade aos que deles necessitam.<\/p>\n<p>Dentre seus quadros, o Imed conta com gestores com compet\u00eancia e experi\u00eancia administrava em log\u00edstica de recursos financeiros, controle de resultados, planejamento e organiza\u00e7\u00e3o institucional. Al\u00e9m disso, h\u00e1 pessoas dedicadas \u00e0 assist\u00eancia social junto \u00e0 parcela mais carente da popula\u00e7\u00e3o, o que confere \u00e0 entidade uma vis\u00e3o sist\u00eamica integrada entre excel\u00eancia t\u00e9cnica, relacionamento humanizado e responsabilidade social.<\/p>\n<p>O respeito \u00e9 um dos valores morais que acreditamos ser fundamental para o melhor conv\u00edvio de uma sociedade, al\u00e9m de ser uma das qualidades mais dignas de uma pessoa. Por isso, o Imed o pratica com afinco.<\/p>\n<p>Como organiza\u00e7\u00e3o social, somos claros nos processos de comunica\u00e7\u00e3o interno e externos, todas as nossas informa\u00e7\u00f5es e ideias ser\u00e3o sempre compartilhadas com liberdade. Acreditamos na transpar\u00eancia como meio para uma gest\u00e3o moderna e eficiente.<\/p>\n<p>Busca cotidianamente a valoriza\u00e7\u00e3o do trabalho em equipe e as aptid\u00f5es individuais. Incentivamos todos a assumirem desafios e tomarem decis\u00f5es como forma de estimular o desenvolvimento dos colaboradores e o aprendizado organizacional.<\/p>\n<p>Respeitamos o meio ambiente e n\u00e3o mediremos esfor\u00e7os para contribuir, assim, para o desenvolvimento social com o apoio \u00e0 educa\u00e7\u00e3o e \u00e0 cultura. E apenas atuamos com parceiros que possuam o mesmo objetivo, const\u00e2ncia de prop\u00f3sitos e vis\u00e3o de futuro.<\/p>\n<p><strong>Miss\u00e3o:<\/strong><\/p>\n<ul>\n<li>Conceber e executar projetos que proporcionem bem-estar, sa\u00fade, cidadania e dignidade \u00e0s pessoas, com atua\u00e7\u00e3o de profissionais qualificados, comprometidos com a presteza, humaniza\u00e7\u00e3o e a \u00e9tica.<\/li>\n<\/ul>\n<p><strong>Vis\u00e3o:<\/strong><\/p>\n<ul>\n<li>Ser uma institui\u00e7\u00e3o de refer\u00eancia em desenvolvimento, atendimento, execu\u00e7\u00e3o e solu\u00e7\u00e3o de projetos que gerem benfeitorias \u00e0 popula\u00e7\u00e3o.<\/li>\n<\/ul>\n<p><strong>Valores:<\/strong><\/p>\n<ul>\n<li>Profissionalismo, gest\u00e3o de qualidade, compet\u00eancia t\u00e9cnica, pensamento sist\u00eamico, aprendizado organizacional, const\u00e2ncia de prop\u00f3sitos, vis\u00e3o de futuro, respeito \u00e0s pessoas, transpar\u00eancia e responsabilidade social.<\/li>\n<\/ul>\n<h2>Imed Manaus Vagas<\/h2>\n<p>Para aqueles que almejam <em>trabalhar<\/em> em uma empresa que preza por realizar servi\u00e7os da mais alta qualidade, e que zela por seus colaboradores e profissionalismo sempre, estes profissionais devem <em>trabalhar<\/em> na Imed Manaus, acesse o site para enviar seu <span style=\"text-decoration: underline;\">curr\u00edculo<\/span>.<\/p>\n<h3>Onde Fica, Endere\u00e7o e Telefone Imed Manaus<\/h3>\n<ul>\n<li>Av. Djalma Batista, 3000 conjunto 37 &#8211; Parque 10 &#8211; Manaus &#8211; AM<\/li>\n<li>Telefone: (92) 3346-5450<\/li>\n<\/ul>\n<h4>Outras informa\u00e7\u00f5es: Site e CNPJ<\/h4>\n<ul>\n<li>Mais informa\u00e7\u00f5es:\u00a0<a href=\"http:\/\/www.imed.org.br\" target=\"_blank\" rel=\"noopener noreferrer\">www.imed.org.br<\/a><\/li>\n<li>CNPJ: 04.812.092\/0001-65<\/li>\n<\/ul>\n<h4>Mapa de localiza\u00e7\u00e3o<\/h4>\n<a class=\"wp-colorbox-iframe\" href=\"https:\/\/www.google.com\/maps\/embed?pb=!1m18!1m12!1m3!1d3984.031771333651!2d-60.02595348524291!3d-3.086195197752636!2m3!1f0!2f0!3f0!3m2!1i1024!2i768!4f13.1!3m3!1m2!1s0x926c1aaae9afe0bf0xffb27ca7cfdd3dee!2sAv.+Djalma+Batista+3000+-+So+Geraldo+Manaus+-+AM+69050-010!5e0!3m2!1spt-BR!2sbr!4v1518694826170\"><img decoding=\"async\" src=\"http:\/\/www.encontrabelohorizonte.com.br\/imgs\/maps-post.png\"><\/a>\n\n<div style=\"font-size: 0px; height: 0px; line-height: 0px; margin: 0; padding: 0; clear: both;\"><\/div>","protected":false},"excerpt":{"rendered":"<p>O Instituto de Medicina, Estudos e Desenvolvimento (Imed) \u00e9 uma organiza\u00e7\u00e3o social sem fins lucrativos que se destaca na presta\u00e7\u00e3o de servi\u00e7os e benfeitorias destinados \u00e0 popula\u00e7\u00e3o. O Imed Manaus atua com excel\u00eancia no desenvolvimento de projetos que proporcionem bem-estar, sa\u00fade, cidadania e dignidade \u00e0s pessoas. O trabalho \u00e9 guiado pela busca de uma sociedade mais justa e harmoniosa, pautado por conceitos como humaniza\u00e7\u00e3o e \u00e9tica e pelo atendimento sem distin\u00e7\u00f5es ou classifica\u00e7\u00f5es. O Instituto n\u00e3o mede esfor\u00e7os para propiciar melhorias em seu ambiente de trabalho e incrementar performances com o \u00fanico objetivo de proporcionar servi\u00e7os de grande qualidade aos <\/p>\n","protected":false},"author":1,"featured_media":0,"parent":0,"menu_order":0,"comment_status":"closed","ping_status":"closed","template":"","meta":{"footnotes":""},"class_list":["post-1417","page","type-page","status-publish","hentry"],"aioseo_notices":[],"_links":{"self":[{"href":"https:\/\/www.encontramanausam.com.br\/sobre\/wp-json\/wp\/v2\/pages\/1417","targetHints":{"allow":["GET"]}}],"collection":[{"href":"https:\/\/www.encontramanausam.com.br\/sobre\/wp-json\/wp\/v2\/pages"}],"about":[{"href":"https:\/\/www.encontramanausam.com.br\/sobre\/wp-json\/wp\/v2\/types\/page"}],"author":[{"embeddable":true,"href":"https:\/\/www.encontramanausam.com.br\/sobre\/wp-json\/wp\/v2\/users\/1"}],"replies":[{"embeddable":true,"href":"https:\/\/www.encontramanausam.com.br\/sobre\/wp-json\/wp\/v2\/comments?post=1417"}],"version-history":[{"count":6,"href":"https:\/\/www.encontramanausam.com.br\/sobre\/wp-json\/wp\/v2\/pages\/1417\/revisions"}],"predecessor-version":[{"id":3882,"href":"https:\/\/www.encontramanausam.com.br\/sobre\/wp-json\/wp\/v2\/pages\/1417\/revisions\/3882"}],"wp:attachment":[{"href":"https:\/\/www.encontramanausam.com.br\/sobre\/wp-json\/wp\/v2\/media?parent=1417"}],"curies":[{"name":"wp","href":"https:\/\/api.w.org\/{rel}","templated":true}]}}

<div class="882fdd0d88065009358e99f1a9406c55" data-index="1" style="float: none; margin:0px;">
<script async src="https://pagead2.googlesyndication.com/pagead/js/adsbygoogle.js?client=ca-pub-8585364105181520"
     crossorigin="anonymous"></script>
<!-- Anuncio display - global -->
<ins class="adsbygoogle"
     style="display:block"
     data-ad-client="ca-pub-8585364105181520"
     data-ad-slot="8789329856"
     data-ad-format="auto"
     data-full-width-responsive="true"></ins>
<script>
     (adsbygoogle = window.adsbygoogle || []).push({});
</script>
</div>
<p>O Instituto de Medicina, Estudos e Desenvolvimento (Imed) é uma organização social sem fins lucrativos que se destaca na prestação de serviços e benfeitorias destinados à população.</p>
<p>O<strong> Imed Manaus</strong> atua com excelência no desenvolvimento de projetos que proporcionem bem-estar, saúde, cidadania e dignidade às pessoas.</p>
<p><img loading="lazy" decoding="async" class="aligncenter wp-image-1418 size-full" title="Imed Manaus" src="http://www.encontramanausam.com.br/sobre/wp-content/uploads/2018/02/imed-manaus.jpg" alt="Imed Manaus" width="680" height="189" srcset="https://www.encontramanausam.com.br/sobre/wp-content/uploads/2018/02/imed-manaus.jpg 680w, https://www.encontramanausam.com.br/sobre/wp-content/uploads/2018/02/imed-manaus-300x83.jpg 300w" sizes="auto, (max-width: 680px) 100vw, 680px" /></p>
<p>O trabalho é guiado pela busca de uma sociedade mais justa e harmoniosa, pautado por conceitos como humanização e ética e pelo atendimento sem distinções ou classificações.</p>
<p>O Instituto não mede esforços para propiciar melhorias em seu ambiente de trabalho e incrementar performances com o único objetivo de proporcionar serviços de grande qualidade aos que deles necessitam.</p>
<p>Dentre seus quadros, o Imed conta com gestores com competência e experiência administrava em logística de recursos financeiros, controle de resultados, planejamento e organização institucional. Além disso, há pessoas dedicadas à assistência social junto à parcela mais carente da população, o que confere à entidade uma visão sistêmica integrada entre excelência técnica, relacionamento humanizado e responsabilidade social.</p>
<p>O respeito é um dos valores morais que acreditamos ser fundamental para o melhor convívio de uma sociedade, além de ser uma das qualidades mais dignas de uma pessoa. Por isso, o Imed o pratica com afinco.</p>
<p>Como organização social, somos claros nos processos de comunicação interno e externos, todas as nossas informações e ideias serão sempre compartilhadas com liberdade. Acreditamos na transparência como meio para uma gestão moderna e eficiente.</p>
<p>Busca cotidianamente a valorização do trabalho em equipe e as aptidões individuais. Incentivamos todos a assumirem desafios e tomarem decisões como forma de estimular o desenvolvimento dos colaboradores e o aprendizado organizacional.</p>
<p>Respeitamos o meio ambiente e não mediremos esforços para contribuir, assim, para o desenvolvimento social com o apoio à educação e à cultura. E apenas atuamos com parceiros que possuam o mesmo objetivo, constância de propósitos e visão de futuro.</p>
<p><strong>Missão:</strong></p>
<ul>
<li>Conceber e executar projetos que proporcionem bem-estar, saúde, cidadania e dignidade às pessoas, com atuação de profissionais qualificados, comprometidos com a presteza, humanização e a ética.</li>
</ul>
<p><strong>Visão:</strong></p>
<ul>
<li>Ser uma instituição de referência em desenvolvimento, atendimento, execução e solução de projetos que gerem benfeitorias à população.</li>
</ul>
<p><strong>Valores:</strong></p>
<ul>
<li>Profissionalismo, gestão de qualidade, competência técnica, pensamento sistêmico, aprendizado organizacional, constância de propósitos, visão de futuro, respeito às pessoas, transparência e responsabilidade social.</li>
</ul>
<h2>Imed Manaus Vagas</h2>
<p>Para aqueles que almejam <em>trabalhar</em> em uma empresa que preza por realizar serviços da mais alta qualidade, e que zela por seus colaboradores e profissionalismo sempre, estes profissionais devem <em>trabalhar</em> na Imed Manaus, acesse o site para enviar seu <span style="text-decoration: underline;">currículo</span>.</p>
<h3>Onde Fica, Endereço e Telefone Imed Manaus</h3>
<ul>
<li>Av. Djalma Batista, 3000 conjunto 37 &#8211; Parque 10 &#8211; Manaus &#8211; AM</li>
<li>Telefone: (92) 3346-5450</li>
</ul>
<h4>Outras informações: Site e CNPJ</h4>
<ul>
<li>Mais informações: <a href="http://www.imed.org.br" target="_blank" rel="noopener noreferrer">www.imed.org.br</a></li>
<li>CNPJ: 04.812.092/0001-65</li>
</ul>
<h4>Mapa de localização</h4>
<a class="wp-colorbox-iframe" href="https://www.google.com/maps/embed?pb=!1m18!1m12!1m3!1d3984.031771333651!2d-60.02595348524291!3d-3.086195197752636!2m3!1f0!2f0!3f0!3m2!1i1024!2i768!4f13.1!3m3!1m2!1s0x926c1aaae9afe0bf0xffb27ca7cfdd3dee!2sAv.+Djalma+Batista+3000+-+So+Geraldo+Manaus+-+AM+69050-010!5e0!3m2!1spt-BR!2sbr!4v1518694826170"><img decoding="async" src="http://www.encontrabelohorizonte.com.br/imgs/maps-post.png"></a>

<div style="font-size: 0px; height: 0px; line-height: 0px; margin: 0; padding: 0; clear: both;"></div>

<p>O Instituto de Medicina, Estudos e Desenvolvimento (Imed) é uma organização social sem fins lucrativos que se destaca na prestação de serviços e benfeitorias destinados à população. O Imed Manaus atua com excelência no desenvolvimento de projetos que proporcionem bem-estar, saúde, cidadania e dignidade às pessoas. O trabalho é guiado pela busca de uma sociedade mais justa e harmoniosa, pautado por conceitos como humanização e ética e pelo atendimento sem distinções ou classificações. O Instituto não mede esforços para propiciar melhorias em seu ambiente de trabalho e incrementar performances com o único objetivo de proporcionar serviços de grande qualidade aos </p>
